-- https://www.phpmyadmin.net/
--
-- Hôte : localhost
-- Généré le : sam. 22 nov. 2025 à 23:46
-- Version du serveur : 10.11.14-MariaDB-0+deb12u2
-- Version de PHP : 8.2.29

START TRANSACTION;



-- --------------------------------------------------------

--
-- Structure de la table `sb_admins_servers_groups`
--

CREATE TABLE `sb_admins_servers_groups` (
  `admin_id` int(10) NOT NULL,
  `group_id` int(10) NOT NULL,
  `srv_group_id` int(10) NOT NULL,
  `server_id` int(10) NOT NULL
) ENGINE=InnoDB DEFAULT CHARSET=utf8mb4 COLLATE=utf8mb4_general_ci;

--
-- Déchargement des données de la table `sb_admins_servers_groups`
--

INSERT INTO `sb_admins_servers_groups` (`admin_id`, `group_id`, `srv_group_id`, `server_id`) VALUES
(3, 2, 5, -1),
(4, 3, 5, -1),
(5, 3, 5, -1),
(6, 4, 5, -1),
(7, 3, 5, -1),
(8, 3, 5, -1),
(10, 1, 5, -1),
(11, 4, 5, -1),
(12, 3, 5, -1),
(13, 4, 5, -1),
(14, 4, 5, -1),
(15, 4, 5, -1),
(16, 3, 5, -1),
(17, 4, 5, -1),
(18, 2, 5, -1),
(19, 4, 5, -1),
(1, 2, 5, -1),
(20, 4, -1, -1),
(20, 4, 5, -1),
(22, 4, 5, -1),
(22, 4, -1, -1),
(22, 4, -1, 2),
(9, 2, -1, -1),
(9, 2, -1, 2),
(9, 2, 5, -1),
(24, 2, -1, 4),
(24, 2, 5, -1),
(25, 4, 5, -1),
(25, 4, -1, 2),
(25, 4, -1, 3),
(25, 4, -1, 4),
(26, 4, 5, -1),
(26, 4, -1, 2);

-- --------------------------------------------------------

--
-- Structure de la table `sb_banlog`
--

CREATE TABLE `sb_banlog` (
  `sid` int(6) NOT NULL,
  `time` int(11) NOT NULL,
  `name` varchar(128) NOT NULL,
  `bid` int(6) NOT NULL
) ENGINE=InnoDB DEFAULT CHARSET=utf8mb4 COLLATE=utf8mb4_general_ci;

--
-- Déchargement des données de la table `sb_banlog`
--

INSERT INTO `sb_banlog` (`sid`, `time`, `name`, `bid`) VALUES
(1, 1748467994, 'Shark', 429),
(1, 1748643479, 'Marionnette', 395),
(1, 1748729036, 'side93', 413),
(1, 1748771976, 'FatBob1584', 403),
(1, 1748870986, 'Marionnette', 395),
(1, 1749237462, 'Lazarus', 400),
(1, 1749243976, 'TwistedTwilight', 401),
(1, 1749496105, 'KrowZeNNN™', 450),
(1, 1749585797, '*JoB!t0û*', 478),
(1, 1749587034, '*JoB!t0û*', 478),
(1, 1749588605, 'KrowZeNNN™', 450),
(1, 1749588639, 'Djo\'k', 441),
(1, 1749590087, '*JoB!t0û*', 478),
(1, 1749653504, '*JoB!t0û*', 478),
(1, 1749657871, '*JoB!t0û*', 478),
(1, 1749669986, '*JoB!t0û*', 478),
(1, 1749672327, '*JoB!t0û*', 478),
(1, 1749675570, 'JeNeSuisPasUneConnasseCommeLePr', 395),
(1, 1749675758, '*JoB!t0û*', 478),
(1, 1749723370, 'Marionnette', 395),
(1, 1749845802, '*JoB!t0û*', 478),
(1, 1749846151, '*JoB!t0û*', 478),
(1, 1749849141, 'KillMyPr0digy', 402),
(1, 1749849455, 'TwistedTwilight', 401),
(1, 1749849766, 'KillMyPr0digy', 402),
(1, 1750279329, '-=]MiSs-NiNoUcHe[=-', 440),
(1, 1750340612, 'Shooting', 479),
(1, 1750428344, 'Shooting', 479),
(1, 1750444385, 'VenomGaming', 397),
(1, 1750506942, 'Shooting', 479),
(1, 1750797546, '-=]MiSs-NiNoUcHe[=-', 440),
(1, 1750866673, 'Shooting', 479),
(1, 1750881439, 'Shooting', 479),
(1, 1750973463, 'aqua', 484),
(1, 1751106290, 'FatBob1584', 403),
(1, 1751106986, 'FatBob1584', 403),
(1, 1751311677, 'Shark', 429),
(1, 1752264576, 'V. Baby\' Psycho', 472),
(1, 1752339887, 'Djo\'k', 441),
(1, 1752351458, 'side93', 413),
(1, 1752524482, 'LA COLLE NOIRE', 443),
(1, 1752524489, 'LA COLLE NOIRE', 443),
(1, 1753043592, 'f4given', 398),
(1, 1753043597, 'Lincoln Burroughs', 399),
(1, 1753047914, 'Là poùle \"zeus\"', 495),
(1, 1753100439, 'Là poùle \"zeus\"', 495),
(1, 1753121852, 'Là poùle \"zeus\"', 495),
(1, 1753132806, 'Là poùle \"zeus\"', 495),
(1, 1753187592, 'Là poùle \"zeus\"', 495),
(1, 1753299695, 'Là poùle \"zeus\"', 495),
(1, 1753480641, 'NEAR', 458),
(1, 1753565442, 'Syneha', 498),
(1, 1753565786, 'Syneha', 498),
(1, 1753566089, 'Syneha', 498),
(1, 1753566790, 'Syneha', 498),
(1, 1753646218, 'Syneha', 498),
(1, 1753728650, 'Syneha', 498),
(1, 1753729903, 'Là poùle \"zeus\"', 495),
(1, 1753910589, 'LA COLLE NOIRE', 443),
(1, 1753913026, '[AwS] D3V1LJ1N', 505),
(1, 1753914563, 'homonxinxinlailau', 506),
(1, 1753995790, 'homonxinxinlailau', 506),
(1, 1754083613, 'homonxinxinlailau', 506),
(1, 1754099073, 'AnnaTrs', 451),
(1, 1754341138, 'Mustis', 502),
(1, 1754610457, 'OpIuM', 412),
(1, 1754687759, 'SeiferGamer57', 508),
(1, 1754767409, 'ƬƩƜƤƩƬƷ✯', 404),
(1, 1754779031, 'Là poùle \"zeus\"', 495),
(2, 1751400856, 'FatBob1584', 403),
(2, 1751402409, 'FatBob1584', 403),
(2, 1751745178, 'xptdr', 429),
(2, 1755206987, 'business cat', 509),
(2, 1755294126, 'Djo\'k-nosound-', 441),
(2, 1755375973, 'FatBob1584', 403),
(2, 1755376663, 'FatBob1584', 403),
(2, 1755461382, 'DjRicar', 513),
(2, 1755461737, 'DjRicar', 513),
(2, 1755803740, 'KrowZeNNN™', 507),
(2, 1756067922, 'Mustis', 502),
(2, 1756160835, 'business cat', 509),
(2, 1756240635, 'bird', 420),
(2, 1756241285, 'bird', 420),
(2, 1756326847, 'OpIuM', 412),
(2, 1756418084, 'Okz | Alexandre Pipitier', 436),
(2, 1756490877, 'Là poùle \"zeus\"', 495),
(2, 1756496120, 'ƬƩƜƤƩƬƷ✯', 404),
(2, 1756574056, 'Okz | Alexandre Pipitier', 436),
(2, 1756583172, 'Nee Ja', 517),
(2, 1757272200, 'Djo\'k-nosound-', 441),
(2, 1757501187, 'SeiferGamer57', 508),
(2, 1757621308, 'FuzileirOo[G]', 528),
(2, 1757626416, 'SeiferGamer57', 508),
(2, 1757876390, 'razz', 521),
(2, 1757971138, 'FuzileirOo[G]', 529),
(2, 1758029998, 'Là poùle \"zeus\"', 495),
(2, 1758051780, 'razz', 521),
(2, 1758221516, 'Djo\'k-noS-', 441),
(2, 1758226555, 'FuzileirOo[G]', 529),
(2, 1758486852, 'maya', 425),
(2, 1758486858, 'jej', 456),
(2, 1758658498, 'FuzileirOo-', 531),
(2, 1758658823, 'FuzileirOo[G]', 529),
(2, 1758744003, 'Là poùle \"zeus\"', 495),
(2, 1758919926, 'side93', 413),
(2, 1759059735, 'Driisco-Offi', 533),
(2, 1759063681, 'Driisco-Offi', 533),
(2, 1759162618, 'Marshall.D.Teach', 532),
(2, 1759187276, 'Gogeta', 534),
(2, 1759190396, 'Marshall.D.Teach', 532),
(2, 1759231358, 'Deleted User', 447),
(2, 1759264419, 'FuzileirOo[G]', 529),
(2, 1759267543, 'FuzileirOo[G]', 529),
(2, 1759270621, 'maya', 425),
(2, 1759349946, 'FuzileirOo[G]', 529),
(2, 1759350201, 'FuzileirOo-', 531),
(2, 1759436139, '[PDTB] Falco', 493),
(2, 1759436178, 'FuzileirOo-', 531),
(2, 1759576941, 'Gogeta', 534),
(2, 1759613138, 'side93', 413),
(2, 1759613496, 'side93', 413),
(2, 1759614276, 'side93', 413),
(2, 1759782714, 'FuzileirOo-', 531),
(2, 1759864481, 'Marionnette', 395),
(2, 1759868260, 'FuzileirOo-', 531),
(2, 1759952957, 'dung trader', 401),
(2, 1759955492, 'FuzileirOo-', 531),
(2, 1760046360, 'V. Zéro...WKk...', 396),
(2, 1760109214, 'Là poùle \"zeus\"', 495),
(2, 1760280759, 'Dracafe', 539),
(2, 1760382652, 'Pies Olorosos', 523),
(2, 1760474603, 'FuzileirOo-', 531),
(2, 1760639290, 'Là poùle \"zeus\"', 495),
(2, 1760640079, 'Luffy', 540),
(2, 1760750217, 'side93 @NS.bis', 413),
(2, 1760825883, 'Marshall.D.Teach', 532),
(2, 1760885266, 'Mustis', 502),
(2, 1761168675, '-=]MiSs-NiNoUcHe[=-', 440),
(2, 1761237697, 'Là poùle \"zeus\"', 495),
(2, 1761254438, '***$@mm¥***', 432),
(2, 1761603408, 'Shk.', 429),
(2, 1761609060, '...........................', 545),
(2, 1761609472, '...........................', 545),
(2, 1761609669, 'Dracafe', 539),
(2, 1761611375, '...........................', 545),
(2, 1761613828, '...........................', 545),
(2, 1761686908, '...POINTS.....', 545),
(2, 1761694598, '...S.....', 545),
(2, 1761696083, '...S.....', 545),
(2, 1761775863, '...S.....', 545),
(2, 1761779231, '...S.....', 545),
(2, 1761784551, '...S.....', 545),
(2, 1761833368, 'neerzoxd', 546),
(2, 1761855815, '...Sorry4afk...', 545),
(2, 1761943487, '...S...', 545),
(2, 1761946740, 'Djo\'k-noS-', 441),
(2, 1761979337, 'Pies Olorosos', 523),
(2, 1762028254, '...S...', 545),
(2, 1762031977, '...S...', 545),
(2, 1762115822, '...S...', 545),
(2, 1762120047, 'FatBob1584', 403),
(2, 1762130195, 'OpIuM', 412),
(2, 1762806240, '...En retard...', 545),
(2, 1762982099, 'Romu', 545),
(2, 1762984224, 'FuzileirOo-', 531),
(2, 1763069142, '....S....', 545),
(2, 1763069643, 'GIORGIA', 547),
(2, 1763070572, 'GIORGIA', 547),
(2, 1763071099, 'GIORGIA', 547),
(2, 1763241717, 'Tell me why?', 545),
(2, 1763281955, 'ƬƩƜƤƩƬƷ✯', 404),
(2, 1763420744, 'FuzileirOo-', 531),
(2, 1763673353, 'Kamille', 545),
(2, 1763757052, 'Kamille', 545),
(2, 1763853038, 'Kamille', 545),
(3, 1752538983, 'Niu.', 429),
(3, 1756326829, 'OpIuM', 412),
(3, 1762130201, 'OpIuM', 412),
(3, 1762979670, 'Là poùle \"zeus\"', 495),
(4, 1759097167, 'Driisco-Offi', 533);

-- --------------------------------------------------------

--
-- Structure de la table `sb_bans`
--

CREATE TABLE `sb_bans` (
  `bid` int(6) NOT NULL,
  `ip` varchar(32) DEFAULT NULL,
  `authid` varchar(64) NOT NULL DEFAULT '',
  `name` varchar(128) NOT NULL DEFAULT 'unnamed',
  `created` int(11) NOT NULL DEFAULT 0,
  `ends` int(11) NOT NULL DEFAULT 0,
  `length` int(10) NOT NULL DEFAULT 0,
  `reason` text NOT NULL,
  `aid` int(6) NOT NULL DEFAULT 0,
  `adminIp` varchar(32) NOT NULL DEFAULT '',
  `sid` int(6) NOT NULL DEFAULT 0,
  `country` varchar(4) DEFAULT NULL,
  `RemovedBy` int(8) DEFAULT NULL,
  `RemoveType` varchar(3) DEFAULT NULL,
  `RemovedOn` int(10) DEFAULT NULL,
  `type` tinyint(4) NOT NULL DEFAULT 0,
  `ureason` text DEFAULT NULL
) ENGINE=InnoDB DEFAULT CHARSET=utf8mb4 COLLATE=utf8mb4_general_ci;

--
-- Déchargement des données de la table `sb_bans`
--

INSERT INTO `sb_bans` (`bid`, `ip`, `authid`, `name`, `created`, `ends`, `length`, `reason`, `aid`, `adminIp`, `sid`, `country`, `RemovedBy`, `RemoveType`, `RemovedOn`, `type`, `ureason`) VALUES
(394, '77.193.36.106', 'STEAM_0:0:4534126', 'May dErjoNNE', 1748423897, 1748423897, 0, 'Indesirable', 18, '82.67.123.200', 0, NULL, NULL, NULL, NULL, 0, NULL),
(395, '88.166.144.97', 'STEAM_0:0:6011826', 'Marionnette', 1748423932, 1748423932, 0, 'indesirable', 18, '82.67.123.200', 0, NULL, NULL, NULL, NULL, 0, NULL),
(396, '88.183.180.198', 'STEAM_0:1:16406985', 'Wakko', 1748423965, 1748423965, 0, 'au bout d\'un moment ça tombe', 18, '82.67.123.200', 0, NULL, NULL, NULL, NULL, 0, NULL),
(397, '81.101.114.40', 'STEAM_0:1:129144942', 'Myhairsolong', 1748423995, 1748423995, 0, 'Team Killing', 18, '82.67.123.200', 0, NULL, NULL, NULL, NULL, 0, NULL),
(398, '31.36.165.247', 'STEAM_0:1:712987112', 'f4given', 1748424023, 1748424023, 0, 'Inappropriate Language', 18, '82.67.123.200', 0, NULL, NULL, NULL, NULL, 0, NULL),
(399, '31.36.165.247', 'STEAM_0:0:546992663', '*UGC-Gaming* fiskerrrrrr', 1748424056, 1748424056, 0, 'Inappropriate Language', 18, '82.67.123.200', 0, NULL, NULL, NULL, NULL, 0, NULL),
(400, '128.127.120.217', 'STEAM_0:1:70786725', 'LazarusSupremus', 1748424087, 1748424087, 0, 'Gros con', 18, '82.67.123.200', 0, NULL, NULL, NULL, NULL, 0, NULL),
(401, '77.98.49.17', 'STEAM_0:0:453994637', 'TwistedTwilight', 1748424119, 1748424119, 0, 'Gros con !', 18, '82.67.123.200', 0, NULL, NULL, NULL, NULL, 0, NULL),
(402, '86.156.237.147', 'STEAM_0:1:645947304', 'KillMyPr0digy', 1748424148, 1748424148, 0, 'Gros con !', 18, '82.67.123.200', 0, NULL, NULL, NULL, NULL, 0, NULL),
(403, '90.103.117.223', 'STEAM_0:1:84092923', 'FatBob1584', 1748424178, 1748424178, 0, 'Ignoring Admins', 18, '82.67.123.200', 0, NULL, NULL, NULL, NULL, 0, NULL),
(404, '88.122.221.117', 'STEAM_0:1:185429538', 'ƬƩƜƤƩƬƷ✯', 1748424248, 1748424248, 0, 'Indesirable', 18, '82.67.123.200', 0, NULL, NULL, NULL, NULL, 0, NULL),
(405, '176.169.218.168', 'STEAM_0:0:938598030', 'poimou', 1748424287, 1748424287, 0, 'Team Killing', 18, '82.67.123.200', 0, NULL, NULL, NULL, NULL, 0, NULL),
(406, '77.204.107.77', 'STEAM_0:1:938923129', 'claudedu6', 1748424312, 1748424312, 0, 'Inappropriate Spray', 18, '82.67.123.200', 0, NULL, NULL, NULL, NULL, 0, NULL),
(407, '80.215.129.252', 'STEAM_0:1:938692121', 'Kuff', 1748424336, 1748424336, 0, 'Inappropriate Spray', 18, '82.67.123.200', 0, NULL, NULL, NULL, NULL, 0, NULL),
(408, '89.85.255.107', 'STEAM_0:0:938637689', '10maria', 1748424360, 1748424360, 0, 'Inappropriate Language', 18, '82.67.123.200', 0, NULL, NULL, NULL, NULL, 0, NULL),
(409, '80.215.92.25', 'STEAM_0:1:924803298', 'Jean Luc REICHman', 1748424387, 1748424387, 0, 'Inappropriate Language', 18, '82.67.123.200', 0, NULL, NULL, NULL, NULL, 0, NULL),
(410, '', 'STEAM_0:0:229616902', ' Bob Marley ', 1748424436, 1748424436, 0, 'indesirable', 18, '82.67.123.200', 0, NULL, NULL, NULL, NULL, 0, NULL),
(411, '', 'STEAM_0:0:503588099', 'Jeyx<130 ', 1748424471, 1748424471, 0, 'indesirable', 18, '82.67.123.200', 0, NULL, NULL, NULL, NULL, 0, NULL),
(412, '86.219.0.71', 'STEAM_0:0:35293754', 'Patate Douce', 1748424518, 1748424518, 0, 'Indesirable ( Opium )', 18, '82.67.123.200', 0, NULL, NULL, NULL, NULL, 0, NULL),
(413, '88.182.246.9', 'STEAM_0:0:714447213', 'side95', 1748424547, 1748424547, 0, 'autre', 18, '82.67.123.200', 0, NULL, NULL, NULL, NULL, 0, NULL),
(414, '84.82.160.102', 'STEAM_0:1:28098390', ' what/+-//--- ', 1748424575, 1748424575, 0, 'Wallhack', 18, '82.67.123.200', 0, NULL, NULL, NULL, NULL, 0, NULL),
(415, '79.216.177.169', 'STEAM_0:0:51037650', 'Danny', 1748424600, 1748424600, 0, 'Aimbot', 18, '82.67.123.200', 0, NULL, NULL, NULL, NULL, 0, NULL),
(416, '81.246.130.35', 'STEAM_0:0:6439634', 'Rankou', 1748424624, 1748424624, 0, 'Team Killing', 18, '82.67.123.200', 0, NULL, NULL, NULL, NULL, 0, NULL),
(417, '47.61.45.27', 'STEAM_0:1:20925882', 'ulises', 1748424655, 1748424655, 0, 'Ignoring Admins', 18, '82.67.123.200', 0, NULL, NULL, NULL, NULL, 0, NULL),
(418, '92.158.24.122', 'STEAM_0:0:599850664', 'iZeak,', 1748424692, 1748424692, 0, 'Double Compte', 18, '82.67.123.200', 0, NULL, NULL, NULL, NULL, 0, NULL),
(419, '31.104.104.124', 'STEAM_0:1:638867112', 'venst', 1748424728, 1748424728, 0, 'Team Killing', 18, '82.67.123.200', 0, NULL, NULL, NULL, NULL, 0, NULL),
(420, '96.21.133.88', 'STEAM_0:0:584239160', 'bird', 1748424753, 1748424753, 0, 'Inappropriate Language', 18, '82.67.123.200', 0, NULL, NULL, NULL, NULL, 0, NULL),
(421, '85.67.88.116', 'STEAM_0:0:927627909', 'Heartless', 1748424781, 1748424781, 0, 'Team Killing', 18, '82.67.123.200', 0, NULL, NULL, NULL, NULL, 0, NULL),
(422, '70.82.236.159', 'STEAM_0:0:557415464', 'Bagotville Soldier', 1748424810, 1748424810, 0, 'Inappropriate Language', 18, '82.67.123.200', 0, NULL, NULL, NULL, NULL, 0, NULL),
(423, '5.16.77.115', 'STEAM_0:1:41726849', 'evlad', 1748424878, 1748424878, 0, 'Inappropriate Language', 18, '82.67.123.200', 0, NULL, NULL, NULL, NULL, 0, NULL),
(424, '62.34.153.40', 'STEAM_0:0:138249593', 'bob', 1748428216, 1748428216, 0, 'Inappropriate Language', 18, '82.67.123.200', 0, NULL, NULL, NULL, NULL, 0, NULL),
(425, '90.23.194.19', 'STEAM_0:0:45326899', 'bober', 1748428241, 1748428241, 0, 'Inappropriate Language', 18, '82.67.123.200', 0, NULL, NULL, NULL, NULL, 0, NULL),
(426, '80.215.2.199', 'STEAM_0:0:924853120', 'Christian Quesada ZOOOO', 1748428268, 1748428268, 0, 'Inappropriate Language', 18, '82.67.123.200', 0, NULL, NULL, NULL, NULL, 0, NULL),
(427, '80.215.111.35', 'STEAM_0:1:924540816', 'Mr. Quesada ', 1748428317, 1748428317, 0, 'Double compte', 18, '82.67.123.200', 0, NULL, NULL, NULL, NULL, 0, NULL),
(428, '80.215.111.35', 'STEAM_0:1:924418780', 'Nick Gueurre', 1748428344, 1748428344, 0, 'Inappropriate Language', 18, '82.67.123.200', 0, NULL, NULL, NULL, NULL, 0, NULL),
(429, '79.127.134.59', 'STEAM_0:1:862218900', 'Kiwi', 1748428372, 1748428372, 0, 'Double compte', 18, '82.67.123.200', 0, NULL, NULL, NULL, NULL, 0, NULL),
(430, '92.138.113.231', 'STEAM_0:0:915982289', 'Hocus', 1748428401, 1748428401, 0, 'Double compte', 18, '82.67.123.200', 0, NULL, NULL, NULL, NULL, 0, NULL),
(431, '79.127.134.59', 'STEAM_0:1:862560270', 'Franklin Saint', 1748428428, 1748428428, 0, 'double compte', 18, '82.67.123.200', 0, NULL, NULL, NULL, NULL, 0, NULL),
(432, '2.12.79.15', 'STEAM_0:1:6668120', 'Samy', 1748428452, 1748428452, 0, 'autre', 18, '82.67.123.200', 0, NULL, NULL, NULL, NULL, 0, NULL),
(433, '2.12.79.15', 'STEAM_0:1:25196988', 'Poluxxx', 1748428477, 1748428477, 0, 'double compte', 18, '82.67.123.200', 0, NULL, NULL, NULL, NULL, 0, NULL),
(434, '88.166.144.97', 'STEAM_0:0:7702196', 'Oplaaaa', 1748428504, 1748428504, 0, 'Double compte', 18, '82.67.123.200', 0, NULL, NULL, NULL, NULL, 0, NULL),
(435, '82.65.25.4', 'STEAM_0:0:862436020', 'sdmmccz', 1748428524, 1748428524, 0, 'Inappropriate Language', 18, '82.67.123.200', 0, NULL, NULL, NULL, NULL, 0, NULL),
(436, '80.56.135.137', 'STEAM_0:1:60945723', 'Peti iench', 1748428548, 1748428548, 0, 'Inappropriate Language', 18, '82.67.123.200', 0, NULL, NULL, NULL, NULL, 0, NULL),
(437, '80.215.192.164', 'STEAM_0:1:565217784', 'Nick Gueurre', 1748428636, 1748428636, 0, 'Inappropriate Language', 18, '82.67.123.200', 0, NULL, NULL, NULL, NULL, 0, NULL),
(438, '77.136.66.7', 'STEAM_0:0:921119182', 'mbappe18', 1748428657, 1748428657, 0, 'Inappropriate Language', 18, '82.67.123.200', 0, NULL, NULL, NULL, NULL, 0, NULL),
(439, '90.23.194.19', 'STEAM_0:1:500843635', 'julie', 1748428680, 1748428680, 0, 'Double compte', 18, '82.67.123.200', 0, NULL, NULL, NULL, NULL, 0, NULL),
(440, '88.163.18.130', 'STEAM_0:1:31820006', ' -=]MiSs-NiNoUcHe[=- ', 1748428709, 1748428709, 0, 'decision collective', 18, '82.67.123.200', 0, NULL, NULL, NULL, NULL, 0, NULL),
(441, '88.122.221.117', 'STEAM_0:0:3711570', 'Rob ( débute )', 1748428734, 1748428734, 0, 'double compte', 18, '82.67.123.200', 0, NULL, NULL, NULL, NULL, 0, NULL),
(442, '146.70.194.35', 'STEAM_0:1:863046526', 'skzzzzzz', 1748428760, 1748428760, 0, 'Inappropriate Name', 18, '82.67.123.200', 0, NULL, NULL, NULL, NULL, 0, NULL),
(443, '88.122.221.117', 'STEAM_0:1:202229351', '(♫)ROLLiN\'SCRATCHING(♫) ', 1748428791, 1748428791, 0, 'Double compte', 18, '82.67.123.200', 0, NULL, NULL, NULL, NULL, 0, NULL),
(444, '79.127.134.59', 'STEAM_0:1:844540639', 'Sharkyyy', 1748428822, 1748428822, 0, 'Comportement deplacé', 18, '82.67.123.200', 0, NULL, NULL, NULL, NULL, 0, NULL),
(445, '128.232.240.175', 'STEAM_0:0:108302803', 'ScreaM', 1748429012, 1748429012, 0, 'Inappropriate Language', 18, '82.67.123.200', 0, NULL, NULL, NULL, NULL, 0, NULL),
(446, '88.161.147.73', 'STEAM_0:0:38842709', 'pLK :D', 1748429040, 1748429040, 0, 'Double compte', 18, '82.67.123.200', 0, NULL, NULL, NULL, NULL, 0, NULL),
(447, '86.213.17.73', 'STEAM_0:1:25999481', ' Jack Vabr HB CSS 20YEARS!!!!', 1748429065, 1748429065, 0, 'Inappropriate Language', 18, '82.67.123.200', 0, NULL, NULL, NULL, NULL, 0, NULL),
(448, '91.170.94.53', 'STEAM_0:0:783315039', 'Philou Panthere ROSE ', 1748429093, 1748429093, 0, 'Aimbot', 18, '82.67.123.200', 0, NULL, NULL, NULL, NULL, 0, NULL),
(449, '90.66.183.185', 'STEAM_0:0:852144519', 'Kiwaine Panthere Rose', 1748429119, 1748429119, 0, 'Aimbot', 18, '82.67.123.200', 0, NULL, NULL, NULL, NULL, 0, NULL),
(450, '88.175.56.136', 'STEAM_0:1:838957725', 'KrowZeNNN™', 1748429143, 1748429143, 0, 'Inappropriate Language', 18, '82.67.123.200', 0, NULL, 1, 'U', 1749589280, 0, 'accord commun'),
(451, '83.112.175.139', 'STEAM_0:0:851854836', 'AnnaTrs', 1748429183, 1748429183, 0, 'Ignoring Admins', 18, '82.67.123.200', 0, NULL, NULL, NULL, NULL, 0, NULL),
(452, '', 'STEAM_0:0:792504839', 'Panda Frog ', 1748429203, 1748429203, 0, 'Ignoring Admins', 18, '82.67.123.200', 0, NULL, NULL, NULL, NULL, 0, NULL),
(453, '', 'STEAM_0:0:47301526', 'Gotway', 1748429273, 1748429273, 0, 'Ignoring Admins', 18, '82.67.123.200', 0, NULL, NULL, NULL, NULL, 0, NULL),
(454, '', 'STEAM_0:0:67493878', 'PurplePachiderme', 1748429289, 1748429289, 0, 'Ignoring Admins', 18, '82.67.123.200', 0, NULL, NULL, NULL, NULL, 0, NULL),
(455, '', 'STEAM_0:0:62187235', 'Popeye', 1748429323, 1748429323, 0, 'Ignoring Admins', 18, '82.67.123.200', 0, NULL, NULL, NULL, NULL, 0, NULL),
(456, '88.161.147.73', 'STEAM_0:1:29574599', 'jej', 1748429339, 1748429339, 0, 'Ignoring Admins', 18, '82.67.123.200', 0, NULL, NULL, NULL, NULL, 0, NULL),
(457, '', 'STEAM_0:1:526775966', 'ZaZa', 1748429361, 1748429361, 0, 'Language raciste et son tres fort', 18, '82.67.123.200', 0, NULL, NULL, NULL, NULL, 0, NULL),
(458, '90.92.248.125', 'STEAM_0:1:17240997', 'NEAR', 1748429381, 1748429381, 0, 'demande', 18, '82.67.123.200', 0, NULL, NULL, NULL, NULL, 0, NULL),
(459, '', 'STEAM_0:1:100961992', 'FragUb', 1748429410, 1748429410, 0, 'Parce qu\'il le vaut bien', 18, '82.67.123.200', 0, NULL, NULL, NULL, NULL, 0, NULL),
(460, '', 'STEAM_0:1:556432403', '⋆killa⋆', 1748429430, 1748429430, 0, 'Aimbot', 18, '82.67.123.200', 0, NULL, NULL, NULL, NULL, 0, NULL),
(461, '', 'STEAM_0:0:186249699', 'Javiotomaroto', 1748429451, 1748429451, 0, 'Inappropriate Language', 18, '82.67.123.200', 0, NULL, NULL, NULL, NULL, 0, NULL),
(462, '', 'STEAM_0:1:125069638', 'Maasoj', 1748429503, 1748429503, 0, 'Inappropriate Language', 18, '82.67.123.200', 0, NULL, NULL, NULL, NULL, 0, NULL),
(463, '', 'STEAM_0:0:26376214', 'BENJYY', 1748429519, 1748429519, 0, 'Inappropriate Language', 18, '82.67.123.200', 0, NULL, NULL, NULL, NULL, 0, NULL),
(464, '', 'STEAM_0:0:136083798', 'Dustybutcheeks', 1748429535, 1748429535, 0, 'Inappropriate Spray', 18, '82.67.123.200', 0, NULL, NULL, NULL, NULL, 0, NULL),
(465, '', 'STEAM_0:0:31599206', 'Hubertus๋๋', 1748429566, 1748429566, 0, 'Multi-Hack', 18, '82.67.123.200', 0, NULL, NULL, NULL, NULL, 0, NULL),
(466, '', 'STEAM_0:0:30143368', 'Amote Cristina', 1748429584, 1748429584, 0, 'Inappropriate Language', 18, '82.67.123.200', 0, NULL, NULL, NULL, NULL, 0, NULL),
(467, '', 'STEAM_0:1:187105983', 'Soveriage', 1748429599, 1748429599, 0, 'Aimbot', 18, '82.67.123.200', 0, NULL, NULL, NULL, NULL, 0, NULL),
(468, '', 'STEAM_0:0:741223147', 'Harbox', 1748429617, 1748429617, 0, 'Aimbot', 18, '82.67.123.200', 0, '', NULL, NULL, NULL, 0, NULL),
(469, '', 'STEAM_0:1:586195169', 'randomgravier', 1748429635, 1748429635, 0, 'Team Killing', 18, '82.67.123.200', 0, NULL, NULL, NULL, NULL, 0, NULL),
(470, '', 'STEAM_0:0:536165810', 'basty', 1748429652, 1748429652, 0, 'Team Killing', 18, '82.67.123.200', 0, NULL, NULL, NULL, NULL, 0, NULL),
(471, '', 'STEAM_0:1:129786090', 'soclopv', 1748429668, 1748429668, 0, 'Team Killing', 18, '82.67.123.200', 0, NULL, NULL, NULL, NULL, 0, NULL),
(472, '88.182.230.205', 'STEAM_0:0:39657762', 'Baby\' Psycho ', 1748429708, 1748429708, 0, 'Inappropriate Language', 18, '82.67.123.200', 0, NULL, NULL, NULL, NULL, 0, NULL),
(473, '', 'STEAM_0:1:754870083', 'KD', 1748429726, 1748429726, 0, 'Team Killing', 18, '82.67.123.200', 0, NULL, NULL, NULL, NULL, 0, NULL),
(474, '', 'STEAM_0:1:104388653', 'Deaz', 1748429745, 1748429745, 0, 'azerty', 18, '82.67.123.200', 0, NULL, NULL, NULL, NULL, 0, NULL),
(475, '88.120.102.67', 'STEAM_0:1:3762870', 'Jerm', 1748528884, 1748528884, 0, 'Team Killing', 18, '82.67.123.200', 0, NULL, NULL, NULL, NULL, 0, NULL),
(477, '95.91.199.190', 'STEAM_0:0:943149645', 'Lavx usurpateur', 1749584370, 1749584370, 0, 'Connard !', 1, '82.67.123.200', 0, NULL, NULL, NULL, NULL, 0, NULL),
(478, '92.133.3.249', 'STEAM_0:1:32064909', '*JoB!t0û*', 1749585606, 1749585606, 0, 'Discision commune', 1, '82.67.123.200', 0, NULL, 1, 'U', 1749847983, 0, 'décision collective'),
(479, '93.27.1.93', 'STEAM_0:0:15361929', 'Shooting', 1749940680, 1749940680, 0, 'Team Killing', 10, '176.128.49.249', 1, ' ', NULL, NULL, NULL, 0, NULL),
(480, '195.180.37.125', 'STEAM_0:1:610895945', 'bl0s0', 1750533864, 1750533864, 0, 'Aimbot', 8, '88.174.247.159', 1, ' ', NULL, NULL, NULL, 0, NULL),
(481, '81.141.108.47', 'STEAM_0:1:190401750', 'Avid Eater', 1750626558, 1750626558, 0, 'Wallhack', 21, '86.49.240.5', 1, '', NULL, NULL, NULL, 0, NULL),
(483, '82.6.138.184', 'STEAM_0:1:160048699', 'Average Wastelander #ClashGG', 1750969875, 1750971675, 1800, 'Ignoring Admins', 12, '91.167.129.197', 1, ' ', 0, 'E', 1750973486, 0, NULL),
(484, '93.102.248.109', 'STEAM_0:1:452303465', 'aqua', 1750972519, 1750972519, 0, 'Ignoring Admins', 12, '91.167.129.197', 1, '', NULL, NULL, NULL, 0, NULL),
(491, '86.160.192.221', 'STEAM_0:1:36712723', 'chanceh$', 1751661081, 1751662881, 1800, 'Inappropriate Language', 8, '88.174.247.159', 2, ' ', 0, 'E', 1751729490, 0, NULL),
(493, '93.29.95.219', 'STEAM_0:1:197100388', '[PDTB] Falco', 1752184386, 1752184386, 0, 'Team Killing', 1, '82.67.123.200', 1, ' ', NULL, NULL, NULL, 0, NULL),
(494, '84.236.81.81', 'STEAM_0:0:26074315', '.QrTa', 1752954690, 1752954690, 0, 'Demande d\'un admin', 1, '82.67.123.200', 0, NULL, NULL, NULL, NULL, 0, NULL),
(495, '89.91.201.220', 'STEAM_0:0:18354043', 'Là poùle \"zeus\"', 1753046414, 1753046414, 0, 'Demande d\'admin', 1, '82.67.123.200', 0, NULL, NULL, NULL, NULL, 0, NULL),
(497, '90.92.248.125', 'STEAM_0:0:68645104', 'MrHood', 1753482528, 1753482528, 0, '[SourceSleuth] Double compte', 0, '51.83.11.117', 1, ' ', NULL, NULL, NULL, 0, NULL),
(498, '82.66.38.7', 'STEAM_0:1:1508708', 'Syneha', 1753564174, 1753564174, 0, 'Inappropriate Language', 8, '88.174.247.159', 1, '', NULL, NULL, NULL, 0, NULL),
(499, '176.177.157.118', 'STEAM_0:0:120923041', 'Dbk', 1753564190, 1753564190, 0, 'Inappropriate Language', 10, '176.128.49.249', 1, ' ', NULL, NULL, NULL, 0, NULL),
(500, '176.177.157.118', 'STEAM_0:0:518032202', 'x22report', 1753564270, 1753564270, 0, '[SourceSleuth] Double compte', 0, '51.83.11.117', 1, ' ', NULL, NULL, NULL, 0, NULL),
(501, '82.66.38.7', 'STEAM_0:1:17699039', 'Syneha', 1753564358, 1753564358, 0, '[SourceSleuth] Double compte', 0, '51.83.11.117', 1, '', NULL, NULL, NULL, 0, NULL),
(502, '176.143.17.202', 'STEAM_0:1:11909669', 'Zigouilili', 1753564417, 1753564417, 0, 'Inappropriate Language', 8, '88.174.247.159', 1, ' ', NULL, NULL, NULL, 0, NULL),
(503, '82.66.38.7', 'STEAM_0:0:17699077', 'Zanarkand', 1753565017, 1753565017, 0, '[SourceSleuth] Double compte', 0, '51.83.11.117', 1, '', NULL, NULL, NULL, 0, NULL),
(504, '86.242.243.236', 'STEAM_0:0:85519416', 'CYRILmp4', 1753822953, 1753822953, 0, 'Team Killing', 1, '82.67.123.200', 1, ' ', NULL, NULL, NULL, 0, NULL),
(505, '46.223.111.224', 'STEAM_0:1:665450433', '[AwS] D3V1LJ1N', 1753911882, 1753913682, 1800, 'Aimbot', 21, '86.49.240.5', 1, ' ', 0, 'E', 1753915297, 0, NULL),
(506, '89.115.177.236', 'STEAM_0:0:142407583', 'homonxinxinlailau', 1753913713, 1753913713, 0, 'Wallhack', 1, '176.169.201.83', 1, ' ', 1, 'U', 1754148154, 0, 'Demande de deban accepté'),
(507, '176.173.95.145', 'STEAM_0:1:838957725', 'Krowzennn', 1754403495, 1754403495, 0, 'Troll', 9, '83.112.70.89', 0, NULL, NULL, NULL, NULL, 0, NULL),
(508, '81.51.227.178', 'STEAM_0:1:62608874', 'SeiferGamer57', 1754687368, 1754687368, 0, '[Little Anti-Cheat 1.7.8] Aimbot Detected', 0, '51.83.11.117', 1, ' ', NULL, NULL, NULL, 0, NULL),
(509, '37.67.179.197', 'STEAM_0:0:586921151', 'business cat', 1755205372, 1755205372, 0, 'SMAC 0.8.7.3: ConVar r_colorstaticprops violation', 0, '51.83.11.117', 2, ' ', NULL, NULL, NULL, 0, NULL),
(510, '82.64.65.216', 'STEAM_0:0:599530098', 'chicha pomme', 1755205509, 1755205509, 0, 'SMAC 0.8.7.3: ConVar r_colorstaticprops violation', 0, '51.83.11.117', 2, ' ', NULL, NULL, NULL, 0, NULL),
(511, '', 'STEAM_0:0:215834815', 'Gonzo', 1755292912, 1755379312, 86400, 'Inappropriate Language', 8, '88.174.247.159', 0, NULL, 0, 'E', 1755380136, 0, NULL),
(512, '88.125.219.95', 'STEAM_0:1:738130874', 'DjRicar', 1755374178, 1755377778, 3600, 'Ignoring Admins', 8, '88.174.247.159', 2, ' ', 0, 'E', 1755380136, 0, NULL),
(513, '88.125.219.95', 'STEAM_0:1:738130874', 'DjRicar', 1755444947, 1755444947, 0, 'Ignoring Admins', 1, '82.67.123.200', 0, NULL, NULL, NULL, NULL, 0, NULL),
(515, '80.189.170.40', 'STEAM_0:0:40941509', 'Cum_Dispenser', 1755903414, 1755903414, 0, 'Inappropriate Language', 10, '176.128.49.249', 2, ' ', NULL, NULL, NULL, 0, NULL),
(516, '82.121.61.187', 'STEAM_0:0:557821680', 'GULLYVERT', 1756241630, 1756241630, 0, 'Inappropriate Spray', 8, '88.174.247.159', 2, ' ', NULL, NULL, NULL, 0, NULL),
(517, '90.3.202.130', 'STEAM_0:0:912589759', 'Lingagouli.', 1756571065, 1756571065, 0, 'camp, bunny, ne veut pas respecter les règles', 25, '109.219.16.222', 2, '', NULL, NULL, NULL, 0, NULL),
(518, '217.19.214.244', 'STEAM_0:1:611937561', 'tchu-tchu-tchu', 1756574006, 1756574006, 0, 'Spamming Mic/Chat', 25, '109.219.16.222', 2, '', NULL, NULL, NULL, 0, NULL),
(519, '176.158.181.252', 'STEAM_0:1:224423553', 'Serik', 1756574876, 1756574876, 0, 'ne respecte pas les régle joue sa vie et ne joue pas objectif ', 9, '83.112.70.89', 2, ' ', NULL, NULL, NULL, 0, NULL),
(520, '82.129.109.239', 'STEAM_0:0:5833369', 'razz', 1757021605, 1757023405, 1800, 'Ignoring Admins', 10, '176.128.49.249', 2, ' ', 0, 'E', 1757075765, 0, NULL),
(521, '82.129.109.239', 'STEAM_0:0:5833369', 'razz', 1757089893, 1757089893, 0, 'Ignoring Admins', 10, '176.128.49.249', 0, NULL, NULL, NULL, NULL, 0, NULL),
(522, '90.22.68.83', 'STEAM_0:1:508053312', '✧ 𝓣𝔂𝓶 ✧', 1757279194, 1757279194, 0, 'Inappropriate Language', 8, '88.174.247.159', 2, ' ', NULL, NULL, NULL, 0, NULL),
(523, '90.69.2.56', 'STEAM_0:0:19691181', 'FrantxuPunk', 1757347110, 1757347110, 0, 'Tag interdit', 8, '88.174.247.159', 4, ' ', NULL, NULL, NULL, 0, NULL),
(524, '82.67.123.200', 'STEAM_0:1:814929436', '[DiacrE] Ker!0', 1757347379, 1757347979, 600, 'Aimbot', 1, '82.67.123.200', 4, ' ', 1, 'U', 1757347472, 0, 'aze'),
(525, '82.67.123.200', 'STEAM_0:1:814929436', '[DiacrE] Ker!0', 1757348399, 1757348999, 600, 'Wallhack', 1, '82.67.123.200', 4, ' ', 1, 'U', 1757348422, 0, 'azerty'),
(526, '191.101.31.179', 'STEAM_0:1:814929436', '[DiacrE] Ker!0', 1757348586, 1757349186, 600, 'Wallhack', 1, '191.101.31.179', 2, ' ', 1, 'U', 1757348603, 0, 'azerty'),
(527, '2.82.120.149', 'STEAM_0:1:20413905', 'FuzileirOo[G]', 1757452493, 1757454293, 1800, 'Ignoring Admins', 8, '88.174.247.159', 2, ' ', 0, 'E', 1757476803, 0, NULL),
(528, '2.82.120.149', 'STEAM_0:1:20413905', 'FuzileirOo[G]', 1757538988, 1757625388, 86400, 'Camp abusive', 8, '88.174.247.159', 2, ' ', 0, 'E', 1757702228, 0, NULL),
(529, '2.82.120.149', 'STEAM_0:1:20413905', 'FuzileirOo[G]', 1757968770, 1757968770, 0, 'Non respect des règles', 7, '88.174.247.159', 2, '', NULL, NULL, NULL, 0, NULL),
(530, '192.168.1.254', 'STEAM_0:1:814929436', '[DiacrE] Ker!0', 1758296227, 1758296827, 600, 'Team Killing', 1, '192.168.1.254', 2, ' ', 1, 'U', 1758296261, 0, 'azerty'),
(531, '2.82.120.149', 'STEAM_0:0:608683921', 'FuzileirOo-', 1758320587, 1758320587, 0, '[SourceSleuth] Double compte', 0, '51.83.11.117', 2, ' ', NULL, NULL, NULL, 0, NULL),
(532, '82.66.113.175', 'STEAM_0:0:829490487', 'Marshall.D.Teach', 1759024736, 1759024736, 0, '[Little Anti-Cheat 1.7.4] Aimbot détecté', 0, '51.83.11.117', 2, ' ', NULL, NULL, NULL, 0, NULL),
(533, '82.66.113.175', 'STEAM_0:1:452356685', 'Driisco-Offi', 1759025097, 1759025097, 0, '[SourceSleuth] Double compte', 0, '51.83.11.117', 2, ' ', NULL, NULL, NULL, 0, NULL),
(534, '82.66.113.175', 'STEAM_0:0:921035115', 'Gogeta', 1759053121, 1759053121, 0, '[SourceSleuth] Double compte', 0, '51.83.11.117', 2, ' ', NULL, NULL, NULL, 0, NULL),
(535, '70.24.221.182', 'STEAM_0:0:20422965', 'jb', 1759186273, 1759186273, 0, 'SMAC 0.8.8.0: ConVar mat_wireframe violation', 0, '51.83.11.117', 2, ' ', NULL, NULL, NULL, 0, NULL),
(536, '88.173.61.74', 'STEAM_0:0:957699487', 'hugo.grandjean', 1759429093, 1759515493, 86400, 'Camp abusive', 25, '93.19.18.238', 2, ' ', 0, 'E', 1759525617, 0, NULL),
(537, '88.126.144.84', 'STEAM_0:1:421055747', 'Alfred le fermier', 1759526738, 1759526738, 0, 'Language interdit', 10, '176.128.49.249', 2, ' ', NULL, NULL, NULL, 0, NULL),
(538, '90.49.212.131', 'STEAM_0:1:197194365', 'Fenrir', 1759526752, 1759526752, 0, 'Language interdit', 10, '176.128.49.249', 2, ' ', NULL, NULL, NULL, 0, NULL),
(539, '81.244.89.248', 'STEAM_0:1:45861198', 'Dracafé', 1759879313, 1759879313, 0, 'Ignoring Admins', 1, '82.67.123.200', 0, NULL, NULL, NULL, NULL, 0, NULL),
(540, '176.148.107.189', 'STEAM_0:0:549845380', 'Yazwar', 1760636030, 1760636030, 0, 'Aimbot', 8, '88.174.247.159', 2, ' ', NULL, NULL, NULL, 0, NULL),
(541, '91.166.153.229', 'STEAM_0:0:419470564', '♠ LaZaRe ♠', 1760735978, 1760735978, 0, 'Non respect des règles', 1, '82.67.123.200', 2, ' ', NULL, NULL, NULL, 0, NULL),
(542, '92.40.193.60', 'STEAM_0:1:804268619', 'KNEE GORE', 1761254515, 1761256315, 1800, 'Language interdit', 3, '86.218.5.211', 2, ' ', 0, 'E', 1761332491, 0, NULL),
(543, '5.181.245.71', 'STEAM_0:0:156182920', 'engineer gaming', 1761333368, 1761333368, 0, 'Ignore conseils admin', 12, '91.167.129.197', 2, ' ', NULL, NULL, NULL, 0, NULL),
(544, '92.40.193.60', 'STEAM_0:1:804268619', 'KNEE GORE', 1761591819, 1761591819, 0, 'Language interdit', 1, '82.67.123.200', 0, NULL, NULL, NULL, NULL, 0, NULL),
(545, '37.65.63.2', 'STEAM_0:1:548649726', 'Le Fédérateur marionnetté', 1761607384, 1761607384, 0, 'Language interdit', 10, '176.128.49.249', 2, ' ', NULL, NULL, NULL, 0, NULL),
(546, '5.49.240.49', 'STEAM_0:1:878474108', 'neerzoxd', 1761773846, 1761773846, 0, 'Non respect des règles', 8, '88.174.247.159', 2, ' ', NULL, NULL, NULL, 0, NULL),
(547, '90.40.235.21', 'STEAM_0:1:3900164', 'Georges Melon', 1763068286, 1763071886, 3600, 'Non respect des règles', 12, '91.167.129.197', 2, ' ', 0, 'E', 1763141938, 0, NULL),
(548, '77.201.0.230', 'STEAM_0:0:23034702', 'iZi `', 1763068471, 1763070271, 1800, 'Non respect des règles', 8, '88.174.247.159', 2, ' ', 0, 'E', 1763141938, 0, NULL),
(549, '77.201.0.230', 'STEAM_0:1:22350910', 'OKLM AVEC MES SRABS', 1763069366, 1763072966, 3600, '[SourceSleuth] Double compte', 0, '51.83.11.117', 2, ' ', 0, 'E', 1763141938, 0, NULL),
(550, '77.54.79.3', 'STEAM_0:0:159917629', 'samael', 1763072874, 1763072874, 0, 'Non respect des règles', 12, '91.167.129.197', 2, ' ', NULL, NULL, NULL, 0, NULL);

-- --------------------------------------------------------

--
-- Structure de la table `sb_comments`
--

CREATE TABLE `sb_comments` (
  `cid` int(6) NOT NULL,
  `bid` int(6) NOT NULL,
  `type` varchar(1) NOT NULL,
  `aid` int(6) NOT NULL,
  `commenttxt` longtext NOT NULL,
  `added` int(11) NOT NULL,
  `editaid` int(6) DEFAULT NULL,
  `edittime` int(11) DEFAULT NULL
) ENGINE=InnoDB DEFAULT CHARSET=utf8mb4 COLLATE=utf8mb4_general_ci;

--
-- Déchargement des données de la table `sb_comments`
--

INSERT INTO `sb_comments` (`cid`, `bid`, `type`, `aid`, `commenttxt`, `added`, `editaid`, `edittime`) VALUES
(2, 518, 'B', 9, 'met musique a tu tête prévenu plusieur fois kick recommence bans a la suite par papy', 1756574097, NULL, NULL),
(3, 517, 'B', 9, 'prévenu au moins 10 fois bunny , camp , ne respecte pas les régles', 1756574141, NULL, NULL),
(4, 529, 'B', 9, 'Je procéde au bans permanent récidiviste connu du poste de police , &#10;&#10;#harder', 1757972309, NULL, NULL);

-- --------------------------------------------------------

--
-- Structure de la table `sb_comms`
--

CREATE TABLE `sb_comms` (
  `bid` int(6) NOT NULL,
  `authid` varchar(64) NOT NULL,
  `name` varchar(128) NOT NULL DEFAULT 'unnamed',
  `created` int(11) NOT NULL DEFAULT 0,
  `ends` int(11) NOT NULL DEFAULT 0,
  `length` int(10) NOT NULL DEFAULT 0,
  `reason` text NOT NULL,
  `aid` int(6) NOT NULL DEFAULT 0,
  `adminIp` varchar(32) NOT NULL DEFAULT '',
  `sid` int(6) NOT NULL DEFAULT 0,
  `RemovedBy` int(8) DEFAULT NULL,
  `RemoveType` varchar(3) DEFAULT NULL,
  `RemovedOn` int(11) DEFAULT NULL,
  `type` tinyint(4) NOT NULL DEFAULT 0 COMMENT '1 - Mute, 2 - Gag',
  `ureason` text DEFAULT NULL
) ENGINE=InnoDB DEFAULT CHARSET=utf8mb4 COLLATE=utf8mb4_general_ci;

--
-- Déchargement des données de la table `sb_comms`
--

INSERT INTO `sb_comms` (`bid`, `authid`, `name`, `created`, `ends`, `length`, `reason`, `aid`, `adminIp`, `sid`, `RemovedBy`, `RemoveType`, `RemovedOn`, `type`, `ureason`) VALUES
(1, 'STEAM_0:0:18354043', 'Là poùle \"zeus\"', 1749155166, 1749162366, -1, 'Muted through BaseComm natives', 0, '149.202.88.199', 1, 0, 'E', 1749217981, 1, NULL),
(2, 'STEAM_0:0:18354043', 'Là poùle \"zeus\"', 1749325991, 1749333191, -1, 'Muted through BaseComm natives', 0, '149.202.88.199', 1, 0, 'E', 1749335151, 1, NULL),
(3, 'STEAM_0:0:18354043', 'Là poùle \"zeus\"', 1750020263, 1750027463, -1, 'Muted through BaseComm natives', 0, '149.202.88.199', 1, 0, 'E', 1750424007, 1, NULL),
(4, 'STEAM_0:0:18354043', 'Là poùle \"zeus\"', 1751313603, 1751320803, -1, 'Muted through BaseComm natives', 0, '149.202.88.199', 1, 0, 'E', 1751465192, 1, NULL),
(5, 'BOT', 'Terminatus Adam', 1752711256, 1752718456, -1, 'Gagged through BaseComm natives', 0, '51.83.11.117', 1, 0, 'E', 1752775752, 2, NULL),
(6, 'BOT', 'Terminatus Adam', 1752711256, 1752718456, -1, 'Muted through BaseComm natives', 0, '51.83.11.117', 1, 0, 'E', 1752775752, 1, NULL),
(7, 'STEAM_0:0:14950241', 'Han_sous_leau', 1752781341, 1752788541, -1, 'Muted through BaseComm natives', 0, '51.83.11.117', 1, 0, 'E', 1752857383, 1, NULL),
(8, 'STEAM_0:0:129303884', 'PIx3L ...', 1752781358, 1752788558, -1, 'Muted through BaseComm natives', 0, '51.83.11.117', 1, 0, 'E', 1752857383, 1, NULL),
(9, 'STEAM_0:1:11909669', 'Ultrapatate', 1753563761, 1753570961, -1, 'Muted through BaseComm natives', 0, '51.83.11.117', 1, 0, 'E', 1753636249, 1, NULL),
(10, 'STEAM_0:0:120923041', 'Dbk', 1753563781, 1753570981, -1, 'Muted through BaseComm natives', 0, '51.83.11.117', 1, 0, 'E', 1753636249, 1, NULL),
(11, 'STEAM_0:1:1508708', 'Syneha', 1753563799, 1753570999, -1, 'Muted through BaseComm natives', 0, '51.83.11.117', 1, 0, 'E', 1753636249, 1, NULL),
(12, 'STEAM_0:0:18108815', 'Kalaznikova', 1756506918, 1756514118, -1, 'Muted through BaseComm natives', 0, '51.83.11.117', 2, 0, 'E', 1756628736, 1, NULL),
(15, 'STEAM_0:0:419470564', '♠ LaZaRe ♠', 1760735692, 1760742892, -1, 'Muted through BaseComm natives', 0, '51.83.11.117', 2, 0, 'E', 1761474424, 1, NULL),
(16, 'STEAM_0:0:419470564', '♠ LaZaRe ♠', 1760735788, 1760742988, -1, 'Muted through BaseComm natives', 0, '51.83.11.117', 2, 0, 'E', 1761474424, 1, NULL),
(17, 'STEAM_0:0:484626658', 'Julep31', 1760735875, 1760743075, -1, 'Gagged through BaseComm natives', 0, '51.83.11.117', 2, 0, 'E', 1761474424, 2, NULL),
(18, 'STEAM_0:0:484626658', 'Julep31', 1760735875, 1760743075, -1, 'Muted through BaseComm natives', 0, '51.83.11.117', 2, 0, 'E', 1761474424, 1, NULL),
(19, 'STEAM_0:0:419470564', '♠ LaZaRe ♠', 1760735884, 1760743084, -1, 'Gagged through BaseComm natives', 0, '51.83.11.117', 2, 0, 'E', 1761474424, 2, NULL),
(20, 'STEAM_0:0:763095330', 'BiGTonyZzz', 1761247150, 1761254350, -1, 'Gagged through BaseComm natives', 0, '51.83.11.117', 2, 0, 'E', 1761474424, 2, NULL),
(21, 'STEAM_0:0:763095330', 'BiGTonyZzz', 1761247151, 1761254351, -1, 'Muted through BaseComm natives', 0, '51.83.11.117', 2, 0, 'E', 1761474424, 1, NULL),
(22, 'STEAM_0:1:878474108', 'neerzoxd', 1761773452, 1761780652, -1, 'Muted through BaseComm natives', 0, '51.83.11.117', 2, 0, 'E', 1763071227, 1, NULL),
(23, 'STEAM_0:1:878474108', 'neerzoxd', 1761773664, 1761780864, -1, 'Gagged through BaseComm natives', 0, '51.83.11.117', 2, 0, 'E', 1763071227, 2, NULL),
(24, 'STEAM_0:1:650695728', 'trounormand', 1762639158, 1762646358, -1, 'Muted through BaseComm natives', 0, '51.83.11.117', 2, 0, 'E', 1763071227, 1, NULL),
(25, 'STEAM_0:0:7012618', 'URSSAF', 1762639192, 1762646392, -1, 'Muted through BaseComm natives', 0, '51.83.11.117', 2, 0, 'E', 1763071227, 1, NULL),
(26, 'STEAM_0:0:23034702', 'iZi `', 1763068205, 1763075405, -1, 'Muted through BaseComm natives', 0, '51.83.11.117', 2, NULL, NULL, NULL, 1, NULL);

-- --------------------------------------------------------

--
-- Structure de la table `sb_demos`
--

CREATE TABLE `sb_demos` (
  `demid` int(6) NOT NULL,
  `demtype` varchar(1) NOT NULL,
  `filename` varchar(128) NOT NULL,
  `origname` varchar(128) NOT NULL
) ENGINE=InnoDB DEFAULT CHARSET=utf8mb4 COLLATE=utf8mb4_general_ci;

-- --------------------------------------------------------

--
-- Structure de la table `sb_groups`
--

CREATE TABLE `sb_groups` (
  `gid` int(6) NOT NULL,
  `type` smallint(6) NOT NULL DEFAULT 0,
  `name` varchar(128) NOT NULL DEFAULT 'unnamed',
  `flags` int(10) NOT NULL
) ENGINE=InnoDB DEFAULT CHARSET=utf8mb4 COLLATE=utf8mb4_general_ci;

--
-- Déchargement des données de la table `sb_groups`
--

INSERT INTO `sb_groups` (`gid`, `type`, `name`, `flags`) VALUES
(1, 1, 'Fondateur_web', -513),
(2, 1, 'admin_root_web', -513),
(3, 1, 'admin_web', -15139567),
(4, 1, 'admin_adjoint_web', 1081361),
(5, 3, 'diacre', 0);

-- --------------------------------------------------------

--
-- Structure de la table `sb_log`
--

CREATE TABLE `sb_log` (
  `lid` int(11) NOT NULL,
  `type` enum('m','w','e') NOT NULL,
  `title` varchar(512) NOT NULL,
  `message` text NOT NULL,
  `function` text NOT NULL,
  `query` text NOT NULL,
  `aid` int(11) NOT NULL,
  `host` text NOT NULL,
  `created` int(11) NOT NULL
) ENGINE=InnoDB DEFAULT CHARSET=utf8mb4 COLLATE=utf8mb4_general_ci;

--
-- Déchargement des données de la table `sb_log`
--

INSERT INTO `sb_log` (`lid`, `type`, `title`, `message`, `function`, `query`, `aid`, `host`, `created`) VALUES
(1, 'm', 'Ban Added', 'Ban against (STEAM_0:0:63883622) has been added. Reason: Inappropriate Spray; Length: 0', '', '', 1, '82.67.123.200', 1748420488),
(2, 'm', 'Ban Added', 'Ban against (STEAM_0:0:15983491) has been added. Reason: Inappropriate Spray; Length: 0', '', '', 1, '82.67.123.200', 1748420522),
(3, 'm', 'Ban Added', 'Ban against (STEAM_0:0:50451594) has been added. Reason: Aimbot; Length: 0', '', '', 1, '82.67.123.200', 1748420553),
(4, 'm', 'Group Created', 'A new group was created (Fondateur_web).', '', '', 1, '82.67.123.200', 1748422269),
(5, 'm', 'Group Created', 'A new group was created (admin_root_web).', '', '', 1, '82.67.123.200', 1748422287),
(6, 'm', 'Group Created', 'A new group was created (admin_web).', '', '', 1, '82.67.123.200', 1748422374),
(7, 'm', 'Group Created', 'A new group was created (admin_adjoint_web).', '', '', 1, '82.67.123.200', 1748422421),
(8, 'm', 'Group Created', 'A new group was created (fondateur_game).', '', '', 1, '82.67.123.200', 1748422481),
(9, 'm', 'Group Created', 'A new group was created (admin_root).', '', '', 1, '82.67.123.200', 1748422516),
(10, 'm', 'Group Created', 'A new group was created (admin_game).', '', '', 1, '82.67.123.200', 1748422563),
(11, 'm', 'Group Created', 'A new group was created (admin_adjoint).', '', '', 1, '82.67.123.200', 1748422611),
(12, 'm', 'Group Created', 'A new group was created (diacre).', '', '', 1, '82.67.123.200', 1748422637),
(13, 'm', 'Admin added', 'Admin (big_foot) has been added.', '', '', 1, '82.67.123.200', 1748422739),
(14, 'm', 'Admin added', 'Admin (Calimero) has been added.', '', '', 1, '82.67.123.200', 1748422788),
(15, 'm', 'Admin added', 'Admin (Embrouille) has been added.', '', '', 1, '82.67.123.200', 1748422836),
(16, 'm', 'Admin added', 'Admin (Goy) has been added.', '', '', 1, '82.67.123.200', 1748422872),
(17, 'm', 'Permissions Changed', 'Permissions have been changed for (kerio)', '', '', 1, '82.67.123.200', 1748422891),
(18, 'm', 'Admin&#39;s Groups Updated', 'Admin (kerio) groups has been updated.', '', 'p=admin&#38;c=admins&#38;o=editgroup&#38;id=1', 1, '82.67.123.200', 1748422901),
(19, 'm', 'Admin added', 'Admin (Hamtaro) has been added.', '', '', 1, '82.67.123.200', 1748422947),
(20, 'm', 'Admin added', 'Admin (Hannibal) has been added.', '', '', 1, '82.67.123.200', 1748422977),
(21, 'm', 'Admin added', 'Admin (harder) has been added.', '', '', 1, '82.67.123.200', 1748423023),
(22, 'm', 'Admin added', 'Admin (ip78) has been added.', '', '', 1, '82.67.123.200', 1748423071),
(23, 'm', 'Admin added', 'Admin (korrigan) has been added.', '', '', 1, '82.67.123.200', 1748423120),
(24, 'm', 'Admin added', 'Admin (Molotov) has been added.', '', '', 1, '82.67.123.200', 1748423164),
(25, 'm', 'Admin added', 'Admin (Mousse_de_chien) has been added.', '', '', 1, '82.67.123.200', 1748423205),
(26, 'm', 'Admin added', 'Admin (Papabibs) has been added.', '', '', 1, '82.67.123.200', 1748423291),
(27, 'm', 'Admin added', 'Admin (rosier) has been added.', '', '', 1, '82.67.123.200', 1748423323),
(28, 'm', 'Admin added', 'Admin (shaka) has been added.', '', '', 1, '82.67.123.200', 1748423359),
(29, 'm', 'Admin added', 'Admin (Snow) has been added.', '', '', 1, '82.67.123.200', 1748423401),
(30, 'm', 'Admin added', 'Admin (Terminatus) has been added.', '', '', 1, '82.67.123.200', 1748423464),
(31, 'm', 'Admin added', 'Admin (titishogun) has been added.', '', '', 1, '82.67.123.200', 1748423489),
(32, 'm', 'Server Added', 'Server (149.202.88.199:27015) has been added.', '', '', 1, '82.67.123.200', 1748423547),
(33, 'm', 'Admin Details Updated', 'Admin (big_foot) details has been changed.', '', 'p=admin&#38;c=admins&#38;o=editdetails&#38;id=3', 1, '82.67.123.200', 1748423595),
(34, 'm', 'RCON Sent', 'RCON Command (sm_rehash) was sent to server (149.202.88.199:27015)', '', '', 1, '82.67.123.200', 1748423595),
(35, 'm', 'Group Updated', 'Group (admin_adjoint) has been updated.', '', '', 1, '82.67.123.200', 1748423690),
(36, 'm', 'RCON Sent', 'RCON Command (sm_rehash) was sent to server (149.202.88.199:27015)', '', '', 1, '82.67.123.200', 1748423690),
(37, 'm', 'Group Updated', 'Group (admin_adjoint) has been updated.', '', '', 1, '82.67.123.200', 1748423703),
(38, 'm', 'RCON Sent', 'RCON Command (sm_rehash) was sent to server (149.202.88.199:27015)', '', '', 1, '82.67.123.200', 1748423703),
(39, 'm', 'Ban Added', 'Ban against (STEAM_0:0:4534126) has been added. Reason: Indesirable; Length: 0', '', '', 18, '82.67.123.200', 1748423897),
(40, 'm', 'RCON Sent', 'RCON Command (status) was sent to server (149.202.88.199:27015)', '', '', 18, '82.67.123.200', 1748423897),
(41, 'm', 'Ban Added', 'Ban against (STEAM_0:0:6011826) has been added. Reason: indesirable; Length: 0', '', '', 18, '82.67.123.200', 1748423932),
(42, 'm', 'RCON Sent', 'RCON Command (status) was sent to server (149.202.88.199:27015)', '', '', 18, '82.67.123.200', 1748423932),
(43, 'm', 'Ban Added', 'Ban against (STEAM_0:1:16406985) has been added. Reason: au bout d&#39;un moment ça tombe; Length: 0', '', '', 18, '82.67.123.200', 1748423965),
(44, 'm', 'RCON Sent', 'RCON Command (status) was sent to server (149.202.88.199:27015)', '', '', 18, '82.67.123.200', 1748423965),
(45, 'm', 'Ban Added', 'Ban against (STEAM_0:1:129144942) has been added. Reason: Team Killing; Length: 0', '', '', 18, '82.67.123.200', 1748423995),
(46, 'm', 'RCON Sent', 'RCON Command (status) was sent to server (149.202.88.199:27015)', '', '', 18, '82.67.123.200', 1748423995),
(47, 'm', 'Ban Added', 'Ban against (STEAM_0:1:712987112) has been added. Reason: Inappropriate Language; Length: 0', '', '', 18, '82.67.123.200', 1748424023),
(48, 'm', 'RCON Sent', 'RCON Command (status) was sent to server (149.202.88.199:27015)', '', '', 18, '82.67.123.200', 1748424023),
(49, 'm', 'Ban Added', 'Ban against (STEAM_0:0:546992663) has been added. Reason: Inappropriate Language; Length: 0', '', '', 18, '82.67.123.200', 1748424056),
(50, 'm', 'RCON Sent', 'RCON Command (status) was sent to server (149.202.88.199:27015)', '', '', 18, '82.67.123.200', 1748424057),
(51, 'm', 'Ban Added', 'Ban against (STEAM_0:1:70786725) has been added. Reason: Gros con; Length: 0', '', '', 18, '82.67.123.200', 1748424087),
(52, 'm', 'RCON Sent', 'RCON Command (status) was sent to server (149.202.88.199:27015)', '', '', 18, '82.67.123.200', 1748424087),
(53, 'm', 'Ban Added', 'Ban against (STEAM_0:0:453994637) has been added. Reason: Gros con !; Length: 0', '', '', 18, '82.67.123.200', 1748424119),
(54, 'm', 'RCON Sent', 'RCON Command (status) was sent to server (149.202.88.199:27015)', '', '', 18, '82.67.123.200', 1748424119),
(55, 'm', 'Ban Added', 'Ban against (STEAM_0:1:645947304) has been added. Reason: Gros con !; Length: 0', '', '', 18, '82.67.123.200', 1748424148),
(56, 'm', 'RCON Sent', 'RCON Command (status) was sent to server (149.202.88.199:27015)', '', '', 18, '82.67.123.200', 1748424148),
(57, 'm', 'Ban Added', 'Ban against (STEAM_0:1:84092923) has been added. Reason: Ignoring Admins; Length: 0', '', '', 18, '82.67.123.200', 1748424178),
(58, 'm', 'RCON Sent', 'RCON Command (status) was sent to server (149.202.88.199:27015)', '', '', 18, '82.67.123.200', 1748424178),
(59, 'm', 'Ban Added', 'Ban against (STEAM_0:1:185429538) has been added. Reason: Indesirable; Length: 0', '', '', 18, '82.67.123.200', 1748424248),
(60, 'm', 'RCON Sent', 'RCON Command (status) was sent to server (149.202.88.199:27015)', '', '', 18, '82.67.123.200', 1748424248),
(61, 'm', 'Ban Added', 'Ban against (STEAM_0:0:938598030) has been added. Reason: Team Killing; Length: 0', '', '', 18, '82.67.123.200', 1748424287),
(62, 'm', 'RCON Sent', 'RCON Command (status) was sent to server (149.202.88.199:27015)', '', '', 18, '82.67.123.200', 1748424287),
(63, 'm', 'Ban Added', 'Ban against (STEAM_0:1:938923129) has been added. Reason: Inappropriate Spray; Length: 0', '', '', 18, '82.67.123.200', 1748424312),
(64, 'm', 'RCON Sent', 'RCON Command (status) was sent to server (149.202.88.199:27015)', '', '', 18, '82.67.123.200', 1748424312),
(65, 'm', 'Ban Added', 'Ban against (STEAM_0:1:938692121) has been added. Reason: Inappropriate Spray; Length: 0', '', '', 18, '82.67.123.200', 1748424336),
(66, 'm', 'RCON Sent', 'RCON Command (status) was sent to server (149.202.88.199:27015)', '', '', 18, '82.67.123.200', 1748424337),
(67, 'm', 'Ban Added', 'Ban against (STEAM_0:0:938637689) has been added. Reason: Inappropriate Language; Length: 0', '', '', 18, '82.67.123.200', 1748424360),
(68, 'm', 'RCON Sent', 'RCON Command (status) was sent to server (149.202.88.199:27015)', '', '', 18, '82.67.123.200', 1748424361),
(69, 'm', 'Ban Added', 'Ban against (STEAM_0:1:924803298) has been added. Reason: Inappropriate Language; Length: 0', '', '', 18, '82.67.123.200', 1748424387),
(70, 'm', 'RCON Sent', 'RCON Command (status) was sent to server (149.202.88.199:27015)', '', '', 18, '82.67.123.200', 1748424388),
(71, 'm', 'Ban Added', 'Ban against (STEAM_0:0:229616902) has been added. Reason: indesirable; Length: 0', '', '', 18, '82.67.123.200', 1748424436),
(72, 'm', 'RCON Sent', 'RCON Command (status) was sent to server (149.202.88.199:27015)', '', '', 18, '82.67.123.200', 1748424437),
(73, 'm', 'Ban Added', 'Ban against (STEAM_0:0:503588099) has been added. Reason: indesirable; Length: 0', '', '', 18, '82.67.123.200', 1748424471),
(74, 'm', 'RCON Sent', 'RCON Command (status) was sent to server (149.202.88.199:27015)', '', '', 18, '82.67.123.200', 1748424471),
(75, 'm', 'Ban Added', 'Ban against (STEAM_0:0:35293754) has been added. Reason: Indesirable ( Opium ); Length: 0', '', '', 18, '82.67.123.200', 1748424518),
(76, 'm', 'RCON Sent', 'RCON Command (status) was sent to server (149.202.88.199:27015)', '', '', 18, '82.67.123.200', 1748424519),
(77, 'm', 'Ban Added', 'Ban against (STEAM_0:0:714447213) has been added. Reason: autre; Length: 0', '', '', 18, '82.67.123.200', 1748424547),
(78, 'm', 'RCON Sent', 'RCON Command (status) was sent to server (149.202.88.199:27015)', '', '', 18, '82.67.123.200', 1748424548),
(79, 'm', 'Ban Added', 'Ban against (STEAM_0:1:28098390) has been added. Reason: Wallhack; Length: 0', '', '', 18, '82.67.123.200', 1748424575),
(80, 'm', 'RCON Sent', 'RCON Command (status) was sent to server (149.202.88.199:27015)', '', '', 18, '82.67.123.200', 1748424575),
(81, 'm', 'Ban Added', 'Ban against (STEAM_0:0:51037650) has been added. Reason: Aimbot; Length: 0', '', '', 18, '82.67.123.200', 1748424600),
(82, 'm', 'RCON Sent', 'RCON Command (status) was sent to server (149.202.88.199:27015)', '', '', 18, '82.67.123.200', 1748424600),
(83, 'm', 'Ban Added', 'Ban against (STEAM_0:0:6439634) has been added. Reason: Team Killing; Length: 0', '', '', 18, '82.67.123.200', 1748424624),
(84, 'm', 'RCON Sent', 'RCON Command (status) was sent to server (149.202.88.199:27015)', '', '', 18, '82.67.123.200', 1748424624),
(85, 'm', 'Ban Added', 'Ban against (STEAM_0:1:20925882) has been added. Reason: Ignoring Admins; Length: 0', '', '', 18, '82.67.123.200', 1748424655),
(86, 'm', 'RCON Sent', 'RCON Command (status) was sent to server (149.202.88.199:27015)', '', '', 18, '82.67.123.200', 1748424655),
(87, 'm', 'Ban Added', 'Ban against (STEAM_0:0:599850664) has been added. Reason: Double Compte; Length: 0', '', '', 18, '82.67.123.200', 1748424692),
(88, 'm', 'RCON Sent', 'RCON Command (status) was sent to server (149.202.88.199:27015)', '', '', 18, '82.67.123.200', 1748424692),
(89, 'm', 'Ban Added', 'Ban against (STEAM_0:1:638867112) has been added. Reason: Team Killing; Length: 0', '', '', 18, '82.67.123.200', 1748424728),
(90, 'm', 'RCON Sent', 'RCON Command (status) was sent to server (149.202.88.199:27015)', '', '', 18, '82.67.123.200', 1748424728),
(91, 'm', 'Ban Added', 'Ban against (STEAM_0:0:584239160) has been added. Reason: Inappropriate Language; Length: 0', '', '', 18, '82.67.123.200', 1748424753),
(92, 'm', 'RCON Sent', 'RCON Command (status) was sent to server (149.202.88.199:27015)', '', '', 18, '82.67.123.200', 1748424753),
(93, 'm', 'Ban Added', 'Ban against (STEAM_0:0:927627909) has been added. Reason: Team Killing; Length: 0', '', '', 18, '82.67.123.200', 1748424781),
(94, 'm', 'RCON Sent', 'RCON Command (status) was sent to server (149.202.88.199:27015)', '', '', 18, '82.67.123.200', 1748424781),
(95, 'm', 'Ban Added', 'Ban against (STEAM_0:0:557415464) has been added. Reason: Inappropriate Language; Length: 0', '', '', 18, '82.67.123.200', 1748424810),
(96, 'm', 'RCON Sent', 'RCON Command (status) was sent to server (149.202.88.199:27015)', '', '', 18, '82.67.123.200', 1748424810),
(97, 'm', 'Ban Added', 'Ban against (STEAM_0:1:41726849) has been added. Reason: Inappropriate Language; Length: 0', '', '', 18, '82.67.123.200', 1748424878),
(98, 'm', 'RCON Sent', 'RCON Command (status) was sent to server (149.202.88.199:27015)', '', '', 18, '82.67.123.200', 1748424878),
(99, 'm', 'Ban Added', 'Ban against (STEAM_0:0:138249593) has been added. Reason: Inappropriate Language; Length: 0', '', '', 18, '82.67.123.200', 1748428216),
(100, 'm', 'RCON Sent', 'RCON Command (status) was sent to server (149.202.88.199:27015)', '', '', 18, '82.67.123.200', 1748428216),
(101, 'm', 'Ban Added', 'Ban against (STEAM_0:0:45326899) has been added. Reason: Inappropriate Language; Length: 0', '', '', 18, '82.67.123.200', 1748428241),
(102, 'm', 'RCON Sent', 'RCON Command (status) was sent to server (149.202.88.199:27015)', '', '', 18, '82.67.123.200', 1748428241),
(103, 'm', 'Ban Added', 'Ban against (STEAM_0:0:924853120) has been added. Reason: Inappropriate Language; Length: 0', '', '', 18, '82.67.123.200', 1748428268),
(104, 'm', 'RCON Sent', 'RCON Command (status) was sent to server (149.202.88.199:27015)', '', '', 18, '82.67.123.200', 1748428269),
(105, 'm', 'Ban Added', 'Ban against (STEAM_0:1:924540816) has been added. Reason: Double compte; Length: 0', '', '', 18, '82.67.123.200', 1748428317),
(106, 'm', 'RCON Sent', 'RCON Command (status) was sent to server (149.202.88.199:27015)', '', '', 18, '82.67.123.200', 1748428317),
(107, 'm', 'Ban Added', 'Ban against (STEAM_0:1:924418780) has been added. Reason: Inappropriate Language; Length: 0', '', '', 18, '82.67.123.200', 1748428344),
(108, 'm', 'RCON Sent', 'RCON Command (status) was sent to server (149.202.88.199:27015)', '', '', 18, '82.67.123.200', 1748428344),
(109, 'm', 'Ban Added', 'Ban against (STEAM_0:1:862218900) has been added. Reason: Double compte; Length: 0', '', '', 18, '82.67.123.200', 1748428372),
(110, 'm', 'RCON Sent', 'RCON Command (status) was sent to server (149.202.88.199:27015)', '', '', 18, '82.67.123.200', 1748428372),
(111, 'm', 'Ban Added', 'Ban against (STEAM_0:0:915982289) has been added. Reason: Double compte; Length: 0', '', '', 18, '82.67.123.200', 1748428401),
(112, 'm', 'RCON Sent', 'RCON Command (status) was sent to server (149.202.88.199:27015)', '', '', 18, '82.67.123.200', 1748428401),
(113, 'm', 'Ban Added', 'Ban against (STEAM_0:1:862560270) has been added. Reason: double compte; Length: 0', '', '', 18, '82.67.123.200', 1748428429),
(114, 'm', 'RCON Sent', 'RCON Command (status) was sent to server (149.202.88.199:27015)', '', '', 18, '82.67.123.200', 1748428429),
(115, 'm', 'Ban Added', 'Ban against (STEAM_0:1:6668120) has been added. Reason: autre; Length: 0', '', '', 18, '82.67.123.200', 1748428452),
(116, 'm', 'RCON Sent', 'RCON Command (status) was sent to server (149.202.88.199:27015)', '', '', 18, '82.67.123.200', 1748428452),
(117, 'm', 'Ban Added', 'Ban against (STEAM_0:1:25196988) has been added. Reason: double compte; Length: 0', '', '', 18, '82.67.123.200', 1748428477),
(118, 'm', 'RCON Sent', 'RCON Command (status) was sent to server (149.202.88.199:27015)', '', '', 18, '82.67.123.200', 1748428478),
(119, 'm', 'Ban Added', 'Ban against (STEAM_0:0:7702196) has been added. Reason: Double compte; Length: 0', '', '', 18, '82.67.123.200', 1748428504),
(120, 'm', 'RCON Sent', 'RCON Command (status) was sent to server (149.202.88.199:27015)', '', '', 18, '82.67.123.200', 1748428504),
(121, 'm', 'Ban Added', 'Ban against (STEAM_0:0:862436020) has been added. Reason: Inappropriate Language; Length: 0', '', '', 18, '82.67.123.200', 1748428524),
(122, 'm', 'RCON Sent', 'RCON Command (status) was sent to server (149.202.88.199:27015)', '', '', 18, '82.67.123.200', 1748428525),
(123, 'm', 'Ban Added', 'Ban against (STEAM_0:1:60945723) has been added. Reason: Inappropriate Language; Length: 0', '', '', 18, '82.67.123.200', 1748428548),
(124, 'm', 'RCON Sent', 'RCON Command (status) was sent to server (149.202.88.199:27015)', '', '', 18, '82.67.123.200', 1748428548),
(125, 'm', 'Ban Added', 'Ban against (STEAM_0:1:565217784) has been added. Reason: Inappropriate Language; Length: 0', '', '', 18, '82.67.123.200', 1748428636),
(126, 'm', 'RCON Sent', 'RCON Command (status) was sent to server (149.202.88.199:27015)', '', '', 18, '82.67.123.200', 1748428636),
(127, 'm', 'Ban Added', 'Ban against (STEAM_0:0:921119182) has been added. Reason: Inappropriate Language; Length: 0', '', '', 18, '82.67.123.200', 1748428657),
(128, 'm', 'RCON Sent', 'RCON Command (status) was sent to server (149.202.88.199:27015)', '', '', 18, '82.67.123.200', 1748428657),
(129, 'm', 'Ban Added', 'Ban against (STEAM_0:1:500843635) has been added. Reason: Double compte; Length: 0', '', '', 18, '82.67.123.200', 1748428680),
(130, 'm', 'RCON Sent', 'RCON Command (status) was sent to server (149.202.88.199:27015)', '', '', 18, '82.67.123.200', 1748428681),
(131, 'm', 'Ban Added', 'Ban against (STEAM_0:1:31820006) has been added. Reason: decision collective; Length: 0', '', '', 18, '82.67.123.200', 1748428709),
(132, 'm', 'RCON Sent', 'RCON Command (status) was sent to server (149.202.88.199:27015)', '', '', 18, '82.67.123.200', 1748428709),
(133, 'm', 'Ban Added', 'Ban against (STEAM_0:0:3711570) has been added. Reason: double compte; Length: 0', '', '', 18, '82.67.123.200', 1748428734),
(134, 'm', 'RCON Sent', 'RCON Command (status) was sent to server (149.202.88.199:27015)', '', '', 18, '82.67.123.200', 1748428734),
(135, 'm', 'Ban Added', 'Ban against (STEAM_0:1:863046526) has been added. Reason: Inappropriate Name; Length: 0', '', '', 18, '82.67.123.200', 1748428760),
(136, 'm', 'RCON Sent', 'RCON Command (status) was sent to server (149.202.88.199:27015)', '', '', 18, '82.67.123.200', 1748428760),
(137, 'm', 'Ban Added', 'Ban against (STEAM_0:1:202229351) has been added. Reason: Double compte; Length: 0', '', '', 18, '82.67.123.200', 1748428791),
(138, 'm', 'RCON Sent', 'RCON Command (status) was sent to server (149.202.88.199:27015)', '', '', 18, '82.67.123.200', 1748428791),
(139, 'm', 'Ban Added', 'Ban against (STEAM_0:1:844540639) has been added. Reason: Comportement deplacé; Length: 0', '', '', 18, '82.67.123.200', 1748428822),
(140, 'm', 'RCON Sent', 'RCON Command (status) was sent to server (149.202.88.199:27015)', '', '', 18, '82.67.123.200', 1748428822),
(141, 'm', 'Ban Added', 'Ban against (STEAM_0:0:108302803) has been added. Reason: Inappropriate Language; Length: 0', '', '', 18, '82.67.123.200', 1748429012),
(142, 'm', 'RCON Sent', 'RCON Command (status) was sent to server (149.202.88.199:27015)', '', '', 18, '82.67.123.200', 1748429012),
(143, 'm', 'Ban Added', 'Ban against (STEAM_0:0:38842709) has been added. Reason: Double compte; Length: 0', '', '', 18, '82.67.123.200', 1748429040),
(144, 'm', 'RCON Sent', 'RCON Command (status) was sent to server (149.202.88.199:27015)', '', '', 18, '82.67.123.200', 1748429040),
(145, 'm', 'Ban Added', 'Ban against (STEAM_0:1:25999481) has been added. Reason: Inappropriate Language; Length: 0', '', '', 18, '82.67.123.200', 1748429065),
(146, 'm', 'RCON Sent', 'RCON Command (status) was sent to server (149.202.88.199:27015)', '', '', 18, '82.67.123.200', 1748429065),
(147, 'm', 'Ban Added', 'Ban against (STEAM_0:0:783315039) has been added. Reason: Aimbot; Length: 0', '', '', 18, '82.67.123.200', 1748429093),
(148, 'm', 'RCON Sent', 'RCON Command (status) was sent to server (149.202.88.199:27015)', '', '', 18, '82.67.123.200', 1748429093),
(149, 'm', 'Ban Added', 'Ban against (STEAM_0:0:852144519) has been added. Reason: Aimbot; Length: 0', '', '', 18, '82.67.123.200', 1748429119),
(150, 'm', 'RCON Sent', 'RCON Command (status) was sent to server (149.202.88.199:27015)', '', '', 18, '82.67.123.200', 1748429119),
(151, 'm', 'Ban Added', 'Ban against (STEAM_0:1:838957725) has been added. Reason: Inappropriate Language; Length: 0', '', '', 18, '82.67.123.200', 1748429143),
(152, 'm', 'RCON Sent', 'RCON Command (status) was sent to server (149.202.88.199:27015)', '', '', 18, '82.67.123.200', 1748429144),
(153, 'm', 'Ban Added', 'Ban against (STEAM_0:0:851854836) has been added. Reason: Ignoring Admins; Length: 0', '', '', 18, '82.67.123.200', 1748429183),
(154, 'm', 'RCON Sent', 'RCON Command (status) was sent to server (149.202.88.199:27015)', '', '', 18, '82.67.123.200', 1748429183),
(155, 'm', 'Ban Added', 'Ban against (STEAM_0:0:792504839) has been added. Reason: Ignoring Admins; Length: 0', '', '', 18, '82.67.123.200', 1748429203),
(156, 'm', 'RCON Sent', 'RCON Command (status) was sent to server (149.202.88.199:27015)', '', '', 18, '82.67.123.200', 1748429203),
(157, 'm', 'Ban Added', 'Ban against (STEAM_0:0:47301526) has been added. Reason: Ignoring Admins; Length: 0', '', '', 18, '82.67.123.200', 1748429273),
(158, 'm', 'RCON Sent', 'RCON Command (status) was sent to server (149.202.88.199:27015)', '', '', 18, '82.67.123.200', 1748429273),
(159, 'm', 'Ban Added', 'Ban against (STEAM_0:0:67493878) has been added. Reason: Ignoring Admins; Length: 0', '', '', 18, '82.67.123.200', 1748429289),
(160, 'm', 'RCON Sent', 'RCON Command (status) was sent to server (149.202.88.199:27015)', '', '', 18, '82.67.123.200', 1748429289),
(161, 'm', 'Ban Added', 'Ban against (STEAM_0:0:62187235) has been added. Reason: Ignoring Admins; Length: 0', '', '', 18, '82.67.123.200', 1748429323),
(162, 'm', 'RCON Sent', 'RCON Command (status) was sent to server (149.202.88.199:27015)', '', '', 18, '82.67.123.200', 1748429323),
(163, 'm', 'Ban Added', 'Ban against (STEAM_0:1:29574599) has been added. Reason: Ignoring Admins; Length: 0', '', '', 18, '82.67.123.200', 1748429339),
(164, 'm', 'RCON Sent', 'RCON Command (status) was sent to server (149.202.88.199:27015)', '', '', 18, '82.67.123.200', 1748429340),
(165, 'm', 'Ban Added', 'Ban against (STEAM_0:1:526775966) has been added. Reason: Language raciste et son tres fort; Length: 0', '', '', 18, '82.67.123.200', 1748429361),
(166, 'm', 'RCON Sent', 'RCON Command (status) was sent to server (149.202.88.199:27015)', '', '', 18, '82.67.123.200', 1748429361),
(167, 'm', 'Ban Added', 'Ban against (STEAM_0:1:17240997) has been added. Reason: demande; Length: 0', '', '', 18, '82.67.123.200', 1748429381),
(168, 'm', 'RCON Sent', 'RCON Command (status) was sent to server (149.202.88.199:27015)', '', '', 18, '82.67.123.200', 1748429381),
(169, 'm', 'Ban Added', 'Ban against (STEAM_0:1:100961992) has been added. Reason: Parce qu&#39;il le vaut bien; Length: 0', '', '', 18, '82.67.123.200', 1748429410),
(170, 'm', 'RCON Sent', 'RCON Command (status) was sent to server (149.202.88.199:27015)', '', '', 18, '82.67.123.200', 1748429410),
(171, 'm', 'Ban Added', 'Ban against (STEAM_0:1:556432403) has been added. Reason: Aimbot; Length: 0', '', '', 18, '82.67.123.200', 1748429430),
(172, 'm', 'RCON Sent', 'RCON Command (status) was sent to server (149.202.88.199:27015)', '', '', 18, '82.67.123.200', 1748429430),
(173, 'm', 'Ban Added', 'Ban against (STEAM_0:0:186249699) has been added. Reason: Inappropriate Language; Length: 0', '', '', 18, '82.67.123.200', 1748429451),
(174, 'm', 'RCON Sent', 'RCON Command (status) was sent to server (149.202.88.199:27015)', '', '', 18, '82.67.123.200', 1748429451),
(175, 'm', 'Ban Added', 'Ban against (STEAM_0:1:125069638) has been added. Reason: Inappropriate Language; Length: 0', '', '', 18, '82.67.123.200', 1748429503),
(176, 'm', 'RCON Sent', 'RCON Command (status) was sent to server (149.202.88.199:27015)', '', '', 18, '82.67.123.200', 1748429503),
(177, 'm', 'Ban Added', 'Ban against (STEAM_0:0:26376214) has been added. Reason: Inappropriate Language; Length: 0', '', '', 18, '82.67.123.200', 1748429519),
(178, 'm', 'RCON Sent', 'RCON Command (status) was sent to server (149.202.88.199:27015)', '', '', 18, '82.67.123.200', 1748429520),
(179, 'm', 'Ban Added', 'Ban against (STEAM_0:0:136083798) has been added. Reason: Inappropriate Spray; Length: 0', '', '', 18, '82.67.123.200', 1748429535),
(180, 'm', 'RCON Sent', 'RCON Command (status) was sent to server (149.202.88.199:27015)', '', '', 18, '82.67.123.200', 1748429535),
(181, 'm', 'Ban Added', 'Ban against (STEAM_0:0:31599206) has been added. Reason: Multi-Hack; Length: 0', '', '', 18, '82.67.123.200', 1748429566),
(182, 'm', 'RCON Sent', 'RCON Command (status) was sent to server (149.202.88.199:27015)', '', '', 18, '82.67.123.200', 1748429566),
(183, 'm', 'Ban Added', 'Ban against (STEAM_0:0:30143368) has been added. Reason: Inappropriate Language; Length: 0', '', '', 18, '82.67.123.200', 1748429584),
(184, 'm', 'RCON Sent', 'RCON Command (status) was sent to server (149.202.88.199:27015)', '', '', 18, '82.67.123.200', 1748429584),
(185, 'm', 'Ban Added', 'Ban against (STEAM_0:1:187105983) has been added. Reason: Aimbot; Length: 0', '', '', 18, '82.67.123.200', 1748429599),
(186, 'm', 'RCON Sent', 'RCON Command (status) was sent to server (149.202.88.199:27015)', '', '', 18, '82.67.123.200', 1748429599),
(187, 'm', 'Ban Added', 'Ban against (STEAM_0:0:741223147) has been added. Reason: Aimbot; Length: 0', '', '', 18, '82.67.123.200', 1748429617),
(188, 'm', 'RCON Sent', 'RCON Command (status) was sent to server (149.202.88.199:27015)', '', '', 18, '82.67.123.200', 1748429617),
(189, 'm', 'Ban Added', 'Ban against (STEAM_0:1:586195169) has been added. Reason: Team Killing; Length: 0', '', '', 18, '82.67.123.200', 1748429635),
(190, 'm', 'RCON Sent', 'RCON Command (status) was sent to server (149.202.88.199:27015)', '', '', 18, '82.67.123.200', 1748429635),
(191, 'm', 'Ban Added', 'Ban against (STEAM_0:0:536165810) has been added. Reason: Team Killing; Length: 0', '', '', 18, '82.67.123.200', 1748429652),
(192, 'm', 'RCON Sent', 'RCON Command (status) was sent to server (149.202.88.199:27015)', '', '', 18, '82.67.123.200', 1748429652),
(193, 'm', 'Ban Added', 'Ban against (STEAM_0:1:129786090) has been added. Reason: Team Killing; Length: 0', '', '', 18, '82.67.123.200', 1748429668),
(194, 'm', 'RCON Sent', 'RCON Command (status) was sent to server (149.202.88.199:27015)', '', '', 18, '82.67.123.200', 1748429669),
(195, 'm', 'Ban Added', 'Ban against (STEAM_0:0:39657762) has been added. Reason: Inappropriate Language; Length: 0', '', '', 18, '82.67.123.200', 1748429708),
(196, 'm', 'RCON Sent', 'RCON Command (status) was sent to server (149.202.88.199:27015)', '', '', 18, '82.67.123.200', 1748429709),
(197, 'm', 'Ban Added', 'Ban against (STEAM_0:1:754870083) has been added. Reason: Team Killing; Length: 0', '', '', 18, '82.67.123.200', 1748429726),
(198, 'm', 'RCON Sent', 'RCON Command (status) was sent to server (149.202.88.199:27015)', '', '', 18, '82.67.123.200', 1748429726),
(199, 'm', 'Ban Added', 'Ban against (STEAM_0:1:104388653) has been added. Reason: azerty; Length: 0', '', '', 18, '82.67.123.200', 1748429745),
(200, 'm', 'RCON Sent', 'RCON Command (status) was sent to server (149.202.88.199:27015)', '', '', 18, '82.67.123.200', 1748429745),
(201, 'm', 'Permissions Changed', 'Permissions have been changed for (kerio)', '', '', 18, '82.67.123.200', 1748430165),
(202, 'm', 'Admin&#39;s Groups Updated', 'Admin (kerio) groups has been updated.', '', 'p=admin&#38;c=admins&#38;o=editgroup&#38;id=1', 18, '82.67.123.200', 1748430172),
(203, 'm', 'Admin Servers Updated', 'Admin (kerio) server access has been changed.', '', 'p=admin&#38;c=admins&#38;o=editservers&#38;id=1', 18, '82.67.123.200', 1748430195),
(204, 'm', 'RCON Sent', 'RCON Command (sm_rehash) was sent to server (149.202.88.199:27015)', '', '', 18, '82.67.123.200', 1748430195),
(205, 'm', 'Ban Added', 'Ban against (STEAM_0:1:3762870) has been added. Reason: Team Killing; Length: 0', '', '', 18, '82.67.123.200', 1748528884),
(206, 'm', 'RCON Sent', 'RCON Command (status) was sent to server (149.202.88.199:27015)', '', '', 18, '82.67.123.200', 1748528884),
(207, 'm', 'Admin added', 'Admin (Dypco) has been added.', '', '', 1, '83.112.70.89', 1748676655),
(208, 'm', 'RCON Sent', 'RCON Command (sm_rehash) was sent to server (149.202.88.199:27015)', '', '', 1, '83.112.70.89', 1748676655),
(209, 'm', 'Group Updated', 'Group (admin_adjoint) has been updated.', '', '', 1, '83.112.70.89', 1748679045),
(210, 'm', 'RCON Sent', 'RCON Command (sm_rehash) was sent to server (149.202.88.199:27015)', '', '', 1, '83.112.70.89', 1748679046),
(211, 'm', 'Group Updated', 'Group (admin_adjoint) has been updated.', '', '', 1, '83.112.70.89', 1748679054),
(212, 'm', 'RCON Sent', 'RCON Command (sm_rehash) was sent to server (149.202.88.199:27015)', '', '', 1, '83.112.70.89', 1748679054),
(213, 'm', 'Admin Servers Updated', 'Admin (Dypco) server access has been changed.', '', 'p=admin&#38;c=admins&#38;o=editservers&#38;id=20', 1, '78.243.229.176', 1748690242),
(214, 'm', 'RCON Sent', 'RCON Command (sm_rehash) was sent to server (149.202.88.199:27015)', '', '', 1, '78.243.229.176', 1748690243),
(215, 'm', 'Admin&#39;s Groups Updated', 'Admin (Dypco) groups has been updated.', '', 'p=admin&#38;c=admins&#38;o=editgroup&#38;id=20', 1, '78.243.229.176', 1748690265),
(216, 'm', 'RCON Sent', 'RCON Command (sm_rehash) was sent to server (149.202.88.199:27015)', '', '', 1, '78.243.229.176', 1748690265),
(217, 'm', 'Admin Details Updated', 'Admin (Dypco) details has been changed.', '', 'p=admin&#38;c=admins&#38;o=editdetails&#38;id=20', 1, '78.243.229.176', 1748690408),
(218, 'm', 'RCON Sent', 'RCON Command (sm_rehash) was sent to server (149.202.88.199:27015)', '', '', 1, '78.243.229.176', 1748690408),
(219, 'm', 'Admin Details Updated', 'Admin (Dypco) details has been changed.', '', 'p=admin&#38;c=admins&#38;o=editdetails&#38;id=20', 1, '78.243.229.176', 1748690436),
(220, 'm', 'RCON Sent', 'RCON Command (sm_rehash) was sent to server (149.202.88.199:27015)', '', '', 1, '78.243.229.176', 1748690436),
(221, 'm', 'RCON Sent', 'RCON Command (status) was sent to server (149.202.88.199:27015)', '', 'p=admin&#38;c=servers&#38;o=admincheck&#38;id=1', 1, '78.243.229.176', 1748690450),
(222, 'm', 'Admin Details Updated', 'Admin (harder) details has been changed.', '', 'p=admin&#38;c=admins&#38;o=editdetails&#38;id=9', 1, '83.112.70.89', 1748718509),
(223, 'm', 'RCON Sent', 'RCON Command (sm_rehash) was sent to server (149.202.88.199:27015)', '', '', 1, '83.112.70.89', 1748718509),
(224, 'm', 'Admin added', 'Admin (amz) has been added.', '', '', 18, '82.67.123.200', 1748896983),
(225, 'm', 'RCON Sent', 'RCON Command (sm_rehash) was sent to server (149.202.88.199:27015)', '', '', 18, '82.67.123.200', 1748896983),
(226, 'm', 'Admin Details Updated', 'Admin (ip78) details has been changed.', '', 'p=admin&#38;c=admins&#38;o=editdetails&#38;id=10', 1, '82.67.123.200', 1749161826),
(227, 'm', 'RCON Sent', 'RCON Command (sm_rehash) was sent to server (149.202.88.199:27015)', '', '', 1, '82.67.123.200', 1749161826),
(228, 'm', 'RCON Sent', 'RCON Command (removeid STEAM_0:1:85249008) was sent to server (149.202.88.199:27015)', '', 'p=banlist&#38;a=unban&#38;id=476&#38;key=731f40c313bbfc043d506b59acef56a9&#38;ureason=test', 9, '83.112.70.89', 1749299169),
(229, 'm', 'Player Unbanned', '[DiacrE] | Harder88 (STEAM_0:1:85249008) has been unbanned.', '', 'p=banlist&#38;a=unban&#38;id=476&#38;key=731f40c313bbfc043d506b59acef56a9&#38;ureason=test', 9, '83.112.70.89', 1749299169),
(230, 'm', 'Server Added', 'Server (51.83.11.117:27015) has been added.', '', '', 1, '82.67.123.200', 1749312259),
(231, 'm', 'Admin Servers Updated', 'Admin (amz) server access has been changed.', '', 'p=admin&#38;c=admins&#38;o=editservers&#38;id=21', 1, '82.67.123.200', 1749312293),
(232, 'm', 'RCON Sent', 'RCON Command (sm_rehash) was sent to server (149.202.88.199:27015)', '', '', 1, '82.67.123.200', 1749312293),
(233, 'm', 'RCON Sent', 'RCON Command (sm_rehash) was sent to server (51.83.11.117:27015)', '', '', 1, '82.67.123.200', 1749312293),
(234, 'm', 'Ban Deleted', 'Ban [DiacrE] | Harder88 (STEAM_0:1:85249008) has been deleted.', '', 'p=banlist&#38;a=delete&#38;id=476&#38;key=da9961ace4a6c0b46afb6be3720c86c0', 1, '82.67.123.200', 1749312867),
(235, 'm', 'Ban Added', 'Ban against (STEAM_0:0:943149645) has been added. Reason: Connard !; Length: 0', '', '', 1, '82.67.123.200', 1749584370),
(236, 'm', 'RCON Sent', 'RCON Command (status) was sent to server (51.83.11.117:27015)', '', '', 1, '82.67.123.200', 1749584370),
(237, 'm', 'RCON Sent', 'RCON Command (status) was sent to server (149.202.88.199:27015)', '', '', 1, '82.67.123.200', 1749584370),
(238, 'm', 'Ban Added', 'Ban against (STEAM_0:1:32064909) has been added. Reason: Discision commune; Length: 0', '', '', 1, '82.67.123.200', 1749585606),
(239, 'm', 'RCON Sent', 'RCON Command (status) was sent to server (149.202.88.199:27015)', '', '', 1, '82.67.123.200', 1749585606),
(240, 'm', 'RCON Sent', 'RCON Command (status) was sent to server (51.83.11.117:27015)', '', '', 1, '82.67.123.200', 1749585606),
(241, 'm', 'Player Unbanned', 'KrowZeNNN™ (STEAM_0:1:838957725) has been unbanned.', '', 'p=banlist&#38;a=unban&#38;id=450&#38;key=16643def3dfda4e7f079babeb1908374&#38;ureason=accord%20commun', 1, '82.67.123.200', 1749589280),
(242, 'm', 'Player Unbanned', '*JoB!t0û* (STEAM_0:1:32064909) has been unbanned.', '', 'p=banlist&#38;a=unban&#38;id=478&#38;key=87676d7578400856fd8d85da3479b0a8&#38;ureason=d%C3%A9cision%20collective', 1, '82.67.123.200', 1749847983),
(243, 'm', 'Ban length edited', 'Ban length for (STEAM_0:1:190401750) has been updated. Before: 604800; Now: 0.', '', 'p=admin&#38;c=bans&#38;o=edit&#38;id=481&#38;key=9c68ab824549dd3497eacdc3f25aa089', 10, '176.128.49.249', 1750626667),
(244, 'm', 'RCON Sent', 'RCON Command (status) was sent to server (149.202.88.199:27015)', '', 'p=admin&#38;c=servers&#38;o=admincheck&#38;id=1', 1, '82.67.123.200', 1750791081),
(245, 'm', 'RCON Sent', 'RCON Command (status) was sent to server (149.202.88.199:27015)', '', 'p=admin&#38;c=servers&#38;o=admincheck&#38;id=1', 1, '82.67.123.200', 1750791106),
(246, 'm', 'RCON Sent', 'RCON Command (removeid STEAM_0:1:814929436) was sent to server (149.202.88.199:27015)', '', 'p=banlist&#38;a=unban&#38;id=482&#38;key=d1e3b24aa35272a3d4356b26631d606d&#38;ureason=ok', 1, '82.67.123.200', 1750791125),
(247, 'm', 'Player Unbanned', '[DiacrE] Ker!0 (STEAM_0:1:814929436) has been unbanned.', '', 'p=banlist&#38;a=unban&#38;id=482&#38;key=d1e3b24aa35272a3d4356b26631d606d&#38;ureason=ok', 1, '82.67.123.200', 1750791125),
(248, 'm', 'RCON Sent', 'RCON Command (status) was sent to server (149.202.88.199:27015)', '', 'p=admin&#38;c=servers&#38;o=admincheck&#38;id=1', 1, '82.67.123.200', 1750791142),
(249, 'm', 'Ban Deleted', 'Ban [DiacrE] Ker!0 (STEAM_0:1:814929436) has been deleted.', '', 'p=banlist&#38;a=delete&#38;id=482&#38;key=d1e3b24aa35272a3d4356b26631d606d', 1, '82.67.123.200', 1750791547),
(250, 'm', 'Admin added', 'Admin (Deamon) has been added.', '', '', 1, '82.67.123.200', 1750969005),
(251, 'm', 'RCON Sent', 'RCON Command (sm_rehash) was sent to server (149.202.88.199:27015)', '', '', 1, '82.67.123.200', 1750969005),
(252, 'm', 'RCON Sent', 'RCON Command (sm_rehash) was sent to server (51.83.11.117:27015)', '', '', 1, '82.67.123.200', 1750969005),
(253, 'm', 'Ban length edited', 'Ban length for (STEAM_0:1:452303465) has been updated. Before: 1800; Now: 0.', '', 'p=admin&#38;c=bans&#38;o=edit&#38;id=484&#38;key=028f490268c5b35cf34d444b4c20a482', 1, '82.67.123.200', 1750973510),
(254, 'm', 'RCON Sent', 'RCON Command (removeid STEAM_0:1:85249008) was sent to server (149.202.88.199:27015)', '', 'p=banlist&#38;a=unban&#38;id=485&#38;key=e15dda8020853bf491469fbfaae14798&#38;ureason=test', 9, '83.112.70.89', 1751128745),
(255, 'm', 'Player Unbanned', '[DiacrE] | Harder88 (STEAM_0:1:85249008) has been unbanned.', '', 'p=banlist&#38;a=unban&#38;id=485&#38;key=e15dda8020853bf491469fbfaae14798&#38;ureason=test', 9, '83.112.70.89', 1751128745),
(256, 'm', 'Ban Deleted', 'Ban [DiacrE] | Harder88 (STEAM_0:1:85249008) has been deleted.', '', 'p=banlist&#38;a=delete&#38;id=485&#38;key=e15dda8020853bf491469fbfaae14798', 9, '83.112.70.89', 1751128754),
(257, 'm', 'RCON Sent', 'RCON Command (removeid STEAM_0:1:85249008) was sent to server (149.202.88.199:27015)', '', 'p=banlist&#38;a=unban&#38;id=486&#38;key=e15dda8020853bf491469fbfaae14798&#38;ureason=test', 9, '83.112.70.89', 1751129490),
(258, 'm', 'Player Unbanned', '[DiacrE] | Harder88 (STEAM_0:1:85249008) has been unbanned.', '', 'p=banlist&#38;a=unban&#38;id=486&#38;key=e15dda8020853bf491469fbfaae14798&#38;ureason=test', 9, '83.112.70.89', 1751129490),
(259, 'm', 'Ban Deleted', 'Ban [DiacrE] | Harder88 (STEAM_0:1:85249008) has been deleted.', '', 'p=banlist&#38;a=delete&#38;id=486&#38;key=e15dda8020853bf491469fbfaae14798', 9, '83.112.70.89', 1751129505),
(260, 'm', 'RCON Sent', 'RCON Command (removeid STEAM_0:1:85249008) was sent to server (149.202.88.199:27015)', '', 'p=banlist&#38;a=unban&#38;id=487&#38;key=e15dda8020853bf491469fbfaae14798&#38;ureason=test', 9, '83.112.70.89', 1751129659),
(261, 'm', 'Player Unbanned', '[DiacrE] | Harder88 (STEAM_0:1:85249008) has been unbanned.', '', 'p=banlist&#38;a=unban&#38;id=487&#38;key=e15dda8020853bf491469fbfaae14798&#38;ureason=test', 9, '83.112.70.89', 1751129659),
(262, 'm', 'Ban Deleted', 'Ban [DiacrE] | Harder88 (STEAM_0:1:85249008) has been deleted.', '', 'p=banlist&#38;a=delete&#38;id=487&#38;key=e15dda8020853bf491469fbfaae14798', 9, '83.112.70.89', 1751129666),
(263, 'm', 'RCON Sent', 'RCON Command (removeid STEAM_0:1:85249008) was sent to server (149.202.88.199:27015)', '', 'p=banlist&#38;a=unban&#38;id=488&#38;key=36b8e1fee7895e9384e0715578a228e9&#38;ureason=s', 9, '83.112.70.89', 1751212734),
(264, 'm', 'Player Unbanned', '[DiacrE] | Harder88 (STEAM_0:1:85249008) has been unbanned.', '', 'p=banlist&#38;a=unban&#38;id=488&#38;key=36b8e1fee7895e9384e0715578a228e9&#38;ureason=s', 9, '83.112.70.89', 1751212734),
(265, 'm', 'Ban Deleted', 'Ban [DiacrE] | Harder88 (STEAM_0:1:85249008) has been deleted.', '', 'p=banlist&#38;a=delete&#38;id=488&#38;key=36b8e1fee7895e9384e0715578a228e9', 9, '83.112.70.89', 1751214773),
(266, 'm', 'Admin Details Updated', 'Admin (Hannibal) details has been changed.', '', 'p=admin&#38;c=admins&#38;o=editdetails&#38;id=8', 1, '82.67.123.200', 1751303284),
(267, 'm', 'RCON Sent', 'RCON Command (sm_rehash) was sent to server (149.202.88.199:27015)', '', '', 1, '82.67.123.200', 1751303284),
(268, 'm', 'RCON Sent', 'RCON Command (sm_rehash) was sent to server (51.83.11.117:27015)', '', '', 1, '82.67.123.200', 1751303284),
(269, 'm', 'RCON Sent', 'RCON Command (removeid STEAM_0:1:814929436) was sent to server (51.83.11.117:27015)', '', 'p=banlist&#38;a=unban&#38;id=489&#38;key=83e1e0d36bf1a40ee342e3e2f744674d&#38;ureason=test', 1, '82.67.123.200', 1751395700),
(270, 'm', 'Player Unbanned', '[DiacrE] Ker!0 (STEAM_0:1:814929436) has been unbanned.', '', 'p=banlist&#38;a=unban&#38;id=489&#38;key=83e1e0d36bf1a40ee342e3e2f744674d&#38;ureason=test', 1, '82.67.123.200', 1751395700),
(271, 'm', 'Admin added', 'Admin (steph45) has been added.', '', '', 1, '82.67.123.200', 1751404618),
(272, 'm', 'RCON Sent', 'RCON Command (sm_rehash) was sent to server (149.202.88.199:27015)', '', '', 1, '82.67.123.200', 1751404618),
(273, 'm', 'RCON Sent', 'RCON Command (sm_rehash) was sent to server (51.83.11.117:27015)', '', '', 1, '82.67.123.200', 1751404618),
(274, 'm', 'RCON Sent', 'RCON Command (status) was sent to server (149.202.88.199:27015)', '', 'p=admin&#38;c=servers&#38;o=admincheck&#38;id=1', 9, '83.112.70.89', 1751465236),
(275, 'm', 'RCON Sent', 'RCON Command (status) was sent to server (51.83.11.117:27015)', '', 'p=admin&#38;c=servers&#38;o=admincheck&#38;id=2', 9, '83.112.70.89', 1751465250),
(276, 'm', 'Admin Servers Updated', 'Admin (harder) server access has been changed.', '', 'p=admin&#38;c=admins&#38;o=editservers&#38;id=9', 9, '83.112.70.89', 1751468860),
(277, 'm', 'RCON Sent', 'RCON Command (sm_rehash) was sent to server (149.202.88.199:27015)', '', '', 9, '83.112.70.89', 1751468860),
(278, 'm', 'RCON Sent', 'RCON Command (sm_rehash) was sent to server (51.83.11.117:27015)', '', '', 9, '83.112.70.89', 1751468860),
(279, 'm', 'RCON Sent', 'RCON Command (say test) was sent to server (149.202.88.199:27015)', '', '', 9, '83.112.70.89', 1751468905),
(280, 'm', 'RCON Sent', 'RCON Command (say test) was sent to server (51.83.11.117:27015)', '', '', 9, '83.112.70.89', 1751469137),
(281, 'm', 'Admin Servers Updated', 'Admin (harder) server access has been changed.', '', 'p=admin&#38;c=admins&#38;o=editservers&#38;id=9', 9, '83.112.70.89', 1751469296),
(282, 'm', 'RCON Sent', 'RCON Command (sm_rehash) was sent to server (149.202.88.199:27015)', '', '', 9, '83.112.70.89', 1751469296),
(283, 'm', 'RCON Sent', 'RCON Command (sm_rehash) was sent to server (51.83.11.117:27015)', '', '', 9, '83.112.70.89', 1751469296),
(284, 'm', 'RCON Sent', 'RCON Command (status) was sent to server (51.83.11.117:27015)', '', 'p=admin&#38;c=servers&#38;o=admincheck&#38;id=2', 1, '82.67.123.200', 1751469534),
(285, 'm', 'Admin Servers Updated', 'Admin (harder) server access has been changed.', '', 'p=admin&#38;c=admins&#38;o=editservers&#38;id=9', 9, '83.112.70.89', 1751469571),
(286, 'm', 'RCON Sent', 'RCON Command (sm_rehash) was sent to server (149.202.88.199:27015)', '', '', 9, '83.112.70.89', 1751469571),
(287, 'm', 'RCON Sent', 'RCON Command (sm_rehash) was sent to server (51.83.11.117:27015)', '', '', 9, '83.112.70.89', 1751469571),
(288, 'm', 'RCON Sent', 'RCON Command (removeid STEAM_0:1:814929436) was sent to server (51.83.11.117:27015)', '', 'p=banlist&#38;a=unban&#38;id=490&#38;key=adf7a25188d330e0e462aa90bbd32bff&#38;ureason=test', 1, '82.67.123.200', 1751469915),
(289, 'm', 'Player Unbanned', '[DiacrE] Ker!0 (STEAM_0:1:814929436) has been unbanned.', '', 'p=banlist&#38;a=unban&#38;id=490&#38;key=adf7a25188d330e0e462aa90bbd32bff&#38;ureason=test', 1, '82.67.123.200', 1751469915),
(290, 'm', 'Admin Servers Updated', 'Admin (harder) server access has been changed.', '', 'p=admin&#38;c=admins&#38;o=editservers&#38;id=9', 1, '82.67.123.200', 1751469928),
(291, 'm', 'RCON Sent', 'RCON Command (sm_rehash) was sent to server (149.202.88.199:27015)', '', '', 1, '82.67.123.200', 1751469928),
(292, 'm', 'RCON Sent', 'RCON Command (sm_rehash) was sent to server (51.83.11.117:27015)', '', '', 1, '82.67.123.200', 1751469928),
(293, 'm', 'Server Added', 'Server (51.83.11.117:27016) has been added.', '', '', 1, '82.67.123.200', 1752087794),
(294, 'm', 'Ban Deleted', 'Ban [DiacrE] Ker!0 (STEAM_0:1:814929436) has been deleted.', '', 'p=banlist&#38;a=delete&#38;id=489&#38;key=6770127bb9526209fef096851ddc52ae', 8, '88.174.247.159', 1752858838),
(295, 'm', 'Ban Deleted', 'Ban [DiacrE] Ker!0 (STEAM_0:1:814929436) has been deleted.', '', 'p=banlist&#38;a=delete&#38;id=492&#38;key=6770127bb9526209fef096851ddc52ae', 8, '88.174.247.159', 1752858857),
(296, 'm', 'Ban Deleted', 'Ban [DiacrE] Ker!0 (STEAM_0:1:814929436) has been deleted.', '', 'p=banlist&#38;a=delete&#38;id=490&#38;key=6770127bb9526209fef096851ddc52ae', 8, '88.174.247.159', 1752858868),
(297, 'm', 'Admin Deleted', 'Admin (steph45) has been deleted.', '', '', 1, '82.67.123.200', 1752892352),
(298, 'm', 'RCON Sent', 'RCON Command (sm_rehash) was sent to server (149.202.88.199:27015)', '', '', 1, '82.67.123.200', 1752892352),
(299, 'm', 'RCON Sent', 'RCON Command (sm_rehash) was sent to server (51.83.11.117:27015)', '', '', 1, '82.67.123.200', 1752892352),
(300, 'm', 'RCON Sent', 'RCON Command (sm_rehash) was sent to server (51.83.11.117:27016)', '', '', 1, '82.67.123.200', 1752892352),
(301, 'm', 'Ban Added', 'Ban against (STEAM_0:0:26074315) has been added. Reason: Demande d&#39;un admin; Length: 0', '', '', 1, '82.67.123.200', 1752954690),
(302, 'm', 'RCON Sent', 'RCON Command (status) was sent to server (149.202.88.199:27015)', '', '', 1, '82.67.123.200', 1752954690),
(303, 'm', 'RCON Sent', 'RCON Command (status) was sent to server (51.83.11.117:27015)', '', '', 1, '82.67.123.200', 1752954690),
(304, 'm', 'RCON Sent', 'RCON Command (status) was sent to server (51.83.11.117:27016)', '', '', 1, '82.67.123.200', 1752954690),
(305, 'e', 'Rcon Error [ServerID: 4]', 'Can&#39;t connect to RCON server: Connection timed out', '', '', 1, '82.67.123.200', 1752954691),
(306, 'm', 'Ban Added', 'Ban against (STEAM_0:0:18354043) has been added. Reason: Demande d&#39;admin; Length: 0', '', '', 1, '82.67.123.200', 1753046414),
(307, 'm', 'RCON Sent', 'RCON Command (status) was sent to server (51.83.11.117:27015)', '', '', 1, '82.67.123.200', 1753046414),
(308, 'm', 'RCON Sent', 'RCON Command (status) was sent to server (149.202.88.199:27015)', '', '', 1, '82.67.123.200', 1753046414),
(309, 'm', 'RCON Sent', 'RCON Command (status) was sent to server (51.83.11.117:27016)', '', '', 1, '82.67.123.200', 1753046414),
(310, 'e', 'Rcon Error [ServerID: 4]', 'Can&#39;t connect to RCON server: Connection timed out', '', '', 1, '82.67.123.200', 1753046415),
(311, 'm', 'Ban Added', 'Ban against (STEAM_0:1:85249008) has been added. Reason: Inappropriate Spray; Length: 0', '', '', 9, '83.112.70.89', 1753291444),
(312, 'm', 'RCON Sent', 'RCON Command (status) was sent to server (149.202.88.199:27015)', '', '', 9, '83.112.70.89', 1753291444),
(313, 'm', 'RCON Sent', 'RCON Command (status) was sent to server (51.83.11.117:27015)', '', '', 9, '83.112.70.89', 1753291444),
(314, 'm', 'RCON Sent', 'RCON Command (status) was sent to server (51.83.11.117:27016)', '', '', 9, '83.112.70.89', 1753291444),
(315, 'e', 'Rcon Error [ServerID: 4]', 'Can&#39;t connect to RCON server: Connection timed out', '', '', 9, '83.112.70.89', 1753291445),
(316, 'm', 'Player Unbanned', 'hardé (STEAM_0:1:85249008) has been unbanned.', '', 'p=banlist&#38;a=unban&#38;id=496&#38;key=f0e70ef787b2b3c8f80b495989b837c1&#38;ureason=test', 9, '83.112.70.89', 1753291473),
(317, 'm', 'Ban Deleted', 'Ban hardé (STEAM_0:1:85249008) has been deleted.', '', 'p=banlist&#38;a=delete&#38;id=496&#38;key=f0e70ef787b2b3c8f80b495989b837c1', 9, '83.112.70.89', 1753291507),
(318, 'm', 'Ban length edited', 'Ban length for (STEAM_0:1:17699039) has been updated. Before: 3600; Now: 0.', '', 'p=admin&#38;c=bans&#38;o=edit&#38;id=501&#38;key=8f9cb42e02ebcbc94c68680c2c657826', 10, '176.128.49.249', 1753565638),
(319, 'm', 'Ban length edited', 'Ban length for (STEAM_0:1:1508708) has been updated. Before: 1800; Now: 0.', '', 'p=admin&#38;c=bans&#38;o=edit&#38;id=498&#38;key=8f9cb42e02ebcbc94c68680c2c657826', 10, '176.128.49.249', 1753565670),
(320, 'm', 'Ban length edited', 'Ban length for (STEAM_0:0:17699077) has been updated. Before: 3600; Now: 0.', '', 'p=admin&#38;c=bans&#38;o=edit&#38;id=503&#38;key=8f9cb42e02ebcbc94c68680c2c657826', 10, '176.128.49.249', 1753565695),
(321, 'm', 'Password Changed', 'Password changed for admin (Hannibal)', '', '', 8, '88.174.247.159', 1753719091),
(322, 'm', 'Comment Added', 'harder added a comment for ban #506', '', '', 9, '83.112.70.89', 1754086770),
(323, 'm', 'Player Unbanned', 'homonxinxinlailau (STEAM_0:0:142407583) has been unbanned.', '', 'p=banlist&#38;a=unban&#38;id=506&#38;key=9855aa06718b74319eed93752add7fdc&#38;ureason=Demande%20de%20deban%20accept%C3%A9', 1, '82.65.47.90', 1754148154),
(324, 'm', 'Comment Deleted', 'harder deleted comment #1', '', '', 9, '83.112.70.89', 1754160157),
(325, 'm', 'Admin&#39;s Groups Updated', 'Admin (amz) groups has been updated.', '', 'p=admin&#38;c=admins&#38;o=editgroup&#38;id=21', 1, '82.67.123.200', 1754328261),
(326, 'e', 'Rcon Error [ServerID: 1]', 'Can&#39;t connect to RCON server: Connection timed out', '', '', 1, '82.67.123.200', 1754328262),
(327, 'm', 'RCON Sent', 'RCON Command (sm_rehash) was sent to server (51.83.11.117:27015)', '', '', 1, '82.67.123.200', 1754328262),
(328, 'm', 'RCON Sent', 'RCON Command (sm_rehash) was sent to server (51.83.11.117:27016)', '', '', 1, '82.67.123.200', 1754328262),
(329, 'm', 'Admin Deleted', 'Admin (amz) has been deleted.', '', '', 1, '82.67.123.200', 1754328406),
(330, 'e', 'Rcon Error [ServerID: 1]', 'Can&#39;t connect to RCON server: Connection timed out', '', '', 1, '82.67.123.200', 1754328407),
(331, 'm', 'RCON Sent', 'RCON Command (sm_rehash) was sent to server (51.83.11.117:27015)', '', '', 1, '82.67.123.200', 1754328407),
(332, 'm', 'RCON Sent', 'RCON Command (sm_rehash) was sent to server (51.83.11.117:27016)', '', '', 1, '82.67.123.200', 1754328407),
(333, 'm', 'Ban Added', 'Ban against (STEAM_0:1:838957725) has been added. Reason: Troll; Length: 0', '', '', 9, '83.112.70.89', 1754403495),
(334, 'm', 'RCON Sent', 'RCON Command (status) was sent to server (51.83.11.117:27015)', '', '', 9, '83.112.70.89', 1754403495),
(335, 'm', 'RCON Sent', 'RCON Command (status) was sent to server (51.83.11.117:27016)', '', '', 9, '83.112.70.89', 1754403495),
(336, 'e', 'Rcon Error [ServerID: 1]', 'Can&#39;t connect to RCON server: Connection timed out', '', '', 9, '83.112.70.89', 1754403496),
(337, 'e', 'Rcon Error [ServerID: 4]', 'Can&#39;t connect to RCON server: Connection timed out', '', '', 9, '83.112.70.89', 1754403496),
(338, 'm', 'RCON Sent', 'RCON Command (status) was sent to server (51.83.11.117:27015)', '', 'p=admin&#38;c=servers&#38;o=admincheck&#38;id=2', 1, '82.67.123.200', 1754432834),
(339, 'm', 'Server Deleted', 'Server (149.202.88.199:27015) has been deleted.', '', '', 1, '82.67.123.200', 1755124323),
(340, 'm', 'Server Deleted', 'Server (51.83.11.117:27215) has been deleted.', '', '', 1, '82.67.123.200', 1755124333),
(341, 'm', 'Server Deleted', 'Server (192.168.1.18:27019) has been deleted.', '', '', 1, '82.67.123.200', 1755124339),
(342, 'm', 'RCON Sent', 'RCON Command (quit) was sent to server (51.83.11.117:27015)', '', '', 1, '82.67.123.200', 1755183292),
(343, 'm', 'Admin added', 'Admin (delachambre) has been added.', '', '', 1, '82.67.123.200', 1755266655),
(344, 'm', 'RCON Sent', 'RCON Command (sm_rehash) was sent to server (51.83.11.117:27015)', '', '', 1, '82.67.123.200', 1755266655);
INSERT INTO `sb_log` (`lid`, `type`, `title`, `message`, `function`, `query`, `aid`, `host`, `created`) VALUES
(345, 'm', 'RCON Sent', 'RCON Command (sm_rehash) was sent to server (51.83.11.117:27016)', '', '', 1, '82.67.123.200', 1755266655),
(346, 'm', 'Server Added', 'Server (82.67.123.200:22015) has been added.', '', '', 24, '92.135.214.251', 1755267370),
(347, 'm', 'Admin Servers Updated', 'Admin (delachambre) server access has been changed.', '', 'p=admin&#38;c=admins&#38;o=editservers&#38;id=24', 24, '92.135.214.251', 1755267390),
(348, 'm', 'RCON Sent', 'RCON Command (sm_rehash) was sent to server (51.83.11.117:27015)', '', '', 24, '92.135.214.251', 1755267390),
(349, 'm', 'RCON Sent', 'RCON Command (sm_rehash) was sent to server (51.83.11.117:27016)', '', '', 24, '92.135.214.251', 1755267390),
(350, 'm', 'RCON Sent', 'RCON Command (sm_rehash) was sent to server (82.67.123.200:22015)', '', '', 24, '92.135.214.251', 1755267390),
(351, 'm', 'Admin Servers Updated', 'Admin (delachambre) server access has been changed.', '', 'p=admin&#38;c=admins&#38;o=editservers&#38;id=24', 24, '92.135.214.251', 1755267502),
(352, 'm', 'RCON Sent', 'RCON Command (sm_rehash) was sent to server (51.83.11.117:27015)', '', '', 24, '92.135.214.251', 1755267502),
(353, 'm', 'RCON Sent', 'RCON Command (sm_rehash) was sent to server (51.83.11.117:27016)', '', '', 24, '92.135.214.251', 1755267502),
(354, 'm', 'RCON Sent', 'RCON Command (sm_rehash) was sent to server (82.67.123.200:22015)', '', '', 24, '92.135.214.251', 1755267502),
(355, 'm', 'RCON Sent', 'RCON Command (say test) was sent to server (82.67.123.200:22015)', '', '', 24, '92.135.214.251', 1755267730),
(356, 'm', 'RCON Sent', 'RCON Command (sm_reloadadmins) was sent to server (82.67.123.200:22015)', '', '', 24, '92.135.214.251', 1755267767),
(357, 'm', 'RCON Sent', 'RCON Command (meta list) was sent to server (82.67.123.200:22015)', '', '', 24, '92.135.214.251', 1755286711),
(358, 'm', 'Ban Added', 'Ban against (STEAM_0:0:215834815) has been added. Reason: Inappropriate Language; Length: 1440', '', '', 8, '88.174.247.159', 1755292912),
(359, 'm', 'RCON Sent', 'RCON Command (status) was sent to server (51.83.11.117:27016)', '', '', 8, '88.174.247.159', 1755292912),
(360, 'm', 'RCON Sent', 'RCON Command (status) was sent to server (51.83.11.117:27015)', '', '', 8, '88.174.247.159', 1755292912),
(361, 'e', 'Rcon Error [ServerID: 4]', 'Can&#39;t connect to RCON server: Connection refused', '', '', 8, '88.174.247.159', 1755292912),
(362, 'm', 'Ban Added', 'Ban against (STEAM_0:1:738130874) has been added. Reason: Ignoring Admins; Length: 0', '', '', 1, '82.67.123.200', 1755444947),
(363, 'm', 'RCON Sent', 'RCON Command (status) was sent to server (51.83.11.117:27015)', '', '', 1, '82.67.123.200', 1755444947),
(364, 'm', 'RCON Sent', 'RCON Command (status) was sent to server (51.83.11.117:27016)', '', '', 1, '82.67.123.200', 1755444947),
(365, 'e', 'Rcon Error [ServerID: 4]', 'Can&#39;t connect to RCON server: Connection refused', '', '', 1, '82.67.123.200', 1755444947),
(366, 'm', 'RCON Sent', 'RCON Command (removeid STEAM_0:1:37722551) was sent to server (82.67.123.200:22015)', '', 'p=banlist&#38;a=delete&#38;id=514&#38;key=e154f22ac9be6cca92338220c6d994e3', 24, '92.135.214.251', 1755792158),
(367, 'm', 'Ban Deleted', 'Ban Delachambre (STEAM_0:1:37722551) has been deleted.', '', 'p=banlist&#38;a=delete&#38;id=514&#38;key=e154f22ac9be6cca92338220c6d994e3', 24, '92.135.214.251', 1755792158),
(368, 'm', 'RCON Sent', 'RCON Command (sm_reloadadmins) was sent to server (82.67.123.200:22015)', '', '', 9, '83.112.70.89', 1756132315),
(369, 'm', 'Admin added', 'Admin (Papy) has been added.', '', '', 1, '82.67.123.200', 1756153753),
(370, 'm', 'RCON Sent', 'RCON Command (sm_rehash) was sent to server (51.83.11.117:27015)', '', '', 1, '82.67.123.200', 1756153753),
(371, 'm', 'RCON Sent', 'RCON Command (sm_rehash) was sent to server (51.83.11.117:27016)', '', '', 1, '82.67.123.200', 1756153753),
(372, 'e', 'Rcon Error [ServerID: 4]', 'Can&#39;t connect to RCON server: Connection refused', '', '', 1, '82.67.123.200', 1756153753),
(373, 'm', 'RCON Sent', 'RCON Command (sm_reloadadmins) was sent to server (51.83.11.117:27015)', '', '', 1, '82.67.123.200', 1756153784),
(374, 'm', 'Ban length edited', 'Ban length for (STEAM_0:1:611937561) has been updated. Before: 3600; Now: 0.', '', 'p=admin&#38;c=bans&#38;o=edit&#38;id=518&#38;key=50cdbe6f9d1c42f09c33e2be7fcd1456', 9, '83.112.70.89', 1756574060),
(375, 'm', 'Comment Added', 'harder added a comment for ban #518', '', '', 9, '83.112.70.89', 1756574097),
(376, 'm', 'Comment Added', 'harder added a comment for ban #517', '', '', 9, '83.112.70.89', 1756574141),
(377, 'm', 'Ban length edited', 'Ban length for (STEAM_0:0:912589759) has been updated. Before: 3600; Now: 0.', '', 'p=admin&#38;c=bans&#38;o=edit&#38;id=517&#38;key=50cdbe6f9d1c42f09c33e2be7fcd1456', 9, '83.112.70.89', 1756574206),
(378, 'm', 'Block Deleted', 'Block [DiacrE] ip (STEAM_0:1:1909426) has been deleted.', '', 'p=commslist&#38;a=delete&#38;id=13&#38;key=c891674244c49eeec1c23480d5035a2e', 9, '83.112.70.89', 1757089656),
(379, 'm', 'Block Deleted', 'Block [DiacrE] ip (STEAM_0:1:1909426) has been deleted.', '', 'p=commslist&#38;a=delete&#38;id=14&#38;key=c891674244c49eeec1c23480d5035a2e', 9, '83.112.70.89', 1757089671),
(380, 'm', 'Ban Added', 'Ban against (STEAM_0:0:5833369) has been added. Reason: Ignoring Admins; Length: 0', '', '', 10, '176.128.49.249', 1757089893),
(381, 'm', 'RCON Sent', 'RCON Command (status) was sent to server (51.83.11.117:27015)', '', '', 10, '176.128.49.249', 1757089893),
(382, 'm', 'RCON Sent', 'RCON Command (status) was sent to server (51.83.11.117:27016)', '', '', 10, '176.128.49.249', 1757089893),
(383, 'e', 'Rcon Error [ServerID: 4]', 'Can&#39;t connect to RCON server: Connection refused', '', '', 10, '176.128.49.249', 1757089893),
(384, 'e', 'Rcon Password Error [ServerID: 6]', 'RCON authorization failed.', '', '', 10, '176.128.49.249', 1757089893),
(385, 'm', 'Admin added', 'Admin (ziig) has been added.', '', '', 9, '83.112.70.89', 1757173398),
(386, 'm', 'RCON Sent', 'RCON Command (sm_rehash) was sent to server (51.83.11.117:27015)', '', '', 9, '83.112.70.89', 1757173398),
(387, 'm', 'RCON Sent', 'RCON Command (sm_rehash) was sent to server (51.83.11.117:27016)', '', '', 9, '83.112.70.89', 1757173398),
(388, 'e', 'Rcon Error [ServerID: 4]', 'Can&#39;t connect to RCON server: Connection refused', '', '', 9, '83.112.70.89', 1757173398),
(389, 'e', 'Rcon Error [ServerID: 4]', 'Can&#39;t connect to RCON server: Connection refused', '', 'p=banlist&#38;a=unban&#38;id=524&#38;key=ef60f5f384a016538c9d04c80c59de0b&#38;ureason=aze', 1, '82.67.123.200', 1757347472),
(390, 'm', 'Player Unbanned', '[DiacrE] Ker!0 (STEAM_0:1:814929436) has been unbanned.', '', 'p=banlist&#38;a=unban&#38;id=524&#38;key=ef60f5f384a016538c9d04c80c59de0b&#38;ureason=aze', 1, '82.67.123.200', 1757347472),
(391, 'e', 'Rcon Error [ServerID: 4]', 'Can&#39;t connect to RCON server: Connection refused', '', 'p=banlist&#38;a=unban&#38;id=525&#38;key=ef60f5f384a016538c9d04c80c59de0b&#38;ureason=azerty', 1, '82.67.123.200', 1757348422),
(392, 'm', 'Player Unbanned', '[DiacrE] Ker!0 (STEAM_0:1:814929436) has been unbanned.', '', 'p=banlist&#38;a=unban&#38;id=525&#38;key=ef60f5f384a016538c9d04c80c59de0b&#38;ureason=azerty', 1, '82.67.123.200', 1757348422),
(393, 'e', 'Rcon Password Error [ServerID: 2]', 'RCON authorization failed.', '', 'p=banlist&#38;a=unban&#38;id=526&#38;key=ef60f5f384a016538c9d04c80c59de0b&#38;ureason=azerty', 1, '191.101.31.179', 1757348603),
(394, 'm', 'Player Unbanned', '[DiacrE] Ker!0 (STEAM_0:1:814929436) has been unbanned.', '', 'p=banlist&#38;a=unban&#38;id=526&#38;key=ef60f5f384a016538c9d04c80c59de0b&#38;ureason=azerty', 1, '191.101.31.179', 1757348603),
(395, 'm', 'Comment Added', 'harder added a comment for ban #529', '', '', 9, '83.112.70.89', 1757972309),
(396, 'm', 'Ban length edited', 'Ban length for (STEAM_0:1:20413905) has been updated. Before: 604800; Now: 0.', '', 'p=admin&#38;c=bans&#38;o=edit&#38;id=529&#38;key=b0689dd32ddbfba1aa6d81ca11fd8265', 9, '83.112.70.89', 1757972346),
(397, 'm', 'Player Unbanned', '[DiacrE] Ker!0 (STEAM_0:1:814929436) has been unbanned.', '', 'p=banlist&#38;a=unban&#38;id=530&#38;key=76cc281bb3ffdd4d35198613d6f63e54&#38;ureason=azerty', 1, '82.67.123.200', 1758296261),
(398, 'm', 'Ban Added', 'Ban against (STEAM_0:1:45861198) has been added. Reason: Ignoring Admins; Length: 0', '', '', 1, '82.67.123.200', 1759879313),
(399, 'm', 'RCON Sent', 'RCON Command (status) was sent to server (51.83.11.117:27016)', '', '', 1, '82.67.123.200', 1759879313),
(400, 'e', 'Mail error', 'Email &#34;harder&#34; does not comply with addr-spec of RFC 2822.', '', 'p=protest', -1, '82.67.123.200', 1760838232),
(401, 'm', 'Protest Archived', 'Protest (1) has been moved to the archive.', '', '', 1, '82.67.123.200', 1760838277),
(402, 'm', 'Protest Deleted', 'Protest (1) has been deleted.', '', '', 1, '82.67.123.200', 1760838296),
(403, 'm', 'Ban Added', 'Ban against (STEAM_0:1:804268619) has been added. Reason: Language interdit; Length: 0', '', '', 1, '82.67.123.200', 1761591819),
(404, 'm', 'RCON Sent', 'RCON Command (status) was sent to server (51.83.11.117:27016)', '', '', 1, '82.67.123.200', 1761591819);

-- --------------------------------------------------------

--
-- Structure de la table `sb_mods`
--

CREATE TABLE `sb_mods` (
  `mid` int(11) NOT NULL,
  `name` varchar(128) NOT NULL,
  `icon` varchar(128) NOT NULL,
  `modfolder` varchar(64) NOT NULL,
  `steam_universe` tinyint(4) NOT NULL DEFAULT 0,
  `enabled` tinyint(4) NOT NULL DEFAULT 1
) ENGINE=InnoDB DEFAULT CHARSET=utf8mb4 COLLATE=utf8mb4_general_ci;

--
-- Déchargement des données de la table `sb_mods`
--

INSERT INTO `sb_mods` (`mid`, `name`, `icon`, `modfolder`, `steam_universe`, `enabled`) VALUES
(0, 'Web', 'web.png', 'NULL', 0, 1),
(1, 'Half-Life 2 Deathmatch', 'hl2dm.png', 'hl2mp', 0, 1),
(2, 'Counter-Strike: Source', 'csource.png', 'cstrike', 0, 1),
(3, 'Day of Defeat: Source', 'dods.png', 'dod', 0, 1),
(4, 'Insurgency: Source', 'ins.png', 'insurgency', 0, 1),
(5, 'Dystopia', 'dys.png', 'dystopia_v1', 0, 1),
(6, 'Hidden: Source', 'hidden.png', 'hidden', 0, 1),
(7, 'Half-Life 2 Capture the Flag', 'hl2ctf.png', 'hl2ctf', 0, 1),
(8, 'Pirates Vikings and Knights II', 'pvkii.png', 'pvkii', 0, 1),
(9, 'Perfect Dark: Source', 'pdark.png', 'pdark', 0, 1),
(10, 'The Ship', 'ship.png', 'ship', 0, 1),
(11, 'Fortress Forever', 'hl2-fortressforever.png', 'FortressForever', 0, 1),
(12, 'Team Fortress 2', 'tf2.png', 'tf', 0, 1),
(13, 'Zombie Panic', 'zps.png', 'zps', 0, 1),
(14, 'Garry\'s Mod', 'gmod.png', 'garrysmod', 0, 1),
(15, 'Left 4 Dead', 'l4d.png', 'left4dead', 1, 1),
(16, 'Left 4 Dead 2', 'l4d2.png', 'left4dead2', 1, 1),
(17, 'CSPromod', 'cspromod.png', 'cspromod', 0, 1),
(18, 'Alien Swarm', 'alienswarm.png', 'alienswarm', 0, 1),
(19, 'E.Y.E: Divine Cybermancy', 'eye.png', 'eye', 0, 1),
(20, 'Nuclear Dawn', 'nucleardawn.png', 'nucleardawn', 0, 1),
(21, 'Counter-Strike: Global Offensive', 'csgo.png', 'csgo', 1, 1),
(22, 'Synergy', 'synergy.png', 'synergy', 0, 1);

-- --------------------------------------------------------

--
-- Structure de la table `sb_overrides`
--

CREATE TABLE `sb_overrides` (
  `id` int(11) NOT NULL,
  `type` enum('command','group') NOT NULL,
  `name` varchar(32) NOT NULL,
  `flags` varchar(30) NOT NULL
) ENGINE=InnoDB DEFAULT CHARSET=utf8mb4 COLLATE=utf8mb4_general_ci;

-- --------------------------------------------------------

--
-- Structure de la table `sb_protests`
--

CREATE TABLE `sb_protests` (
  `pid` int(6) NOT NULL,
  `bid` int(6) NOT NULL,
  `datesubmitted` int(11) NOT NULL,
  `reason` text NOT NULL,
  `email` varchar(128) NOT NULL,
  `archiv` tinyint(1) DEFAULT 0,
  `archivedby` int(11) DEFAULT NULL,
  `pip` varchar(64) NOT NULL
) ENGINE=InnoDB DEFAULT CHARSET=utf8mb4 COLLATE=utf8mb4_general_ci;

-- --------------------------------------------------------

--
-- Structure de la table `sb_servers`
--

CREATE TABLE `sb_servers` (
  `sid` int(6) NOT NULL,
  `ip` varchar(64) NOT NULL,
  `port` int(5) NOT NULL,
  `rcon` varchar(64) NOT NULL,
  `modid` int(10) NOT NULL,
  `enabled` tinyint(4) NOT NULL DEFAULT 1
) ENGINE=InnoDB DEFAULT CHARSET=utf8mb4 COLLATE=utf8mb4_general_ci;

--
-- Déchargement des données de la table `sb_servers`
--

INSERT INTO `sb_servers` (`sid`, `ip`, `port`, `rcon`, `modid`, `enabled`) VALUES
(2, '51.83.11.117', 27015, '', 2, 1),
(3, '51.83.11.117', 27016, 'rby4dk31', 2, 1),
(4, '82.67.123.200', 22015, 'b5vu3naq', 2, 0),
(6, '45.158.77.185', 27017, '', 2, 0),
(7, '51.83.11.117', 27315, 'rby4dk31', 2, 0),
(8, '192.168.1.28', 27017, 'agvnp1ev', 2, 0);

-- --------------------------------------------------------

--
-- Structure de la table `sb_servers_groups`
--

CREATE TABLE `sb_servers_groups` (
  `server_id` int(10) NOT NULL,
  `group_id` int(10) NOT NULL
) ENGINE=InnoDB DEFAULT CHARSET=utf8mb4 COLLATE=utf8mb4_general_ci;

--
-- Déchargement des données de la table `sb_servers_groups`
--

INSERT INTO `sb_servers_groups` (`server_id`, `group_id`) VALUES
(2, 5),
(3, 5),
(4, 5);

-- --------------------------------------------------------

--
-- Structure de la table `sb_settings`
--

CREATE TABLE `sb_settings` (
  `id` int(10) UNSIGNED NOT NULL,
  `setting` varchar(128) NOT NULL,
  `value` text NOT NULL
) ENGINE=InnoDB DEFAULT CHARSET=utf8mb4 COLLATE=utf8mb4_general_ci;

--
-- Déchargement des données de la table `sb_settings`
--

INSERT INTO `sb_settings` (`id`, `setting`, `value`) VALUES
(16, 'config.exportpublic', '0'),
(17, 'config.enablepubliccomments', '0'),
(18, 'config.enablekickit', '1'),
(20, 'config.theme', 'default'),
(22, 'config.enablegroupbanning', '0'),
(23, 'config.enablefriendsbanning', '0'),
(24, 'config.enableadminrehashing', '1'),
(26, 'config.version', '704'),
(27, 'config.enablesteamlogin', '1'),
(1036, 'template.title', 'SourceBans++'),
(1037, 'template.logo', 'logos/bras.png'),
(1038, 'config.password.minlength', '7'),
(1039, 'config.debug', '0'),
(1040, 'config.dateformat', 'd-m-y H:i:s  '),
(1041, 'dash.intro.title', 'Sourcebans des DiacrE'),
(1042, 'banlist.bansperpage', '30'),
(1043, 'banlist.hideadminname', '1'),
(1044, 'banlist.hideplayerips', '1'),
(1045, 'banlist.nocountryfetch', '1'),
(1046, 'dash.intro.text', '<p style=\"text-align: center;\"><em><strong>Bienvenue chez les DiacrE</strong></em></p>'),
(1047, 'dash.lognopopup', '0'),
(1048, 'config.enableprotest', '1'),
(1049, 'config.enablecomms', '1'),
(1050, 'config.enablesubmit', '1'),
(1051, 'protest.emailonlyinvolved', '0'),
(1052, 'bans.customreasons', ''),
(1053, 'auth.maxlife', '1440'),
(1054, 'auth.maxlife.remember', '10080'),
(1055, 'auth.maxlife.steam', '10080'),
(1056, 'config.defaultpage', '0'),
(1057, 'smtp.host', 'smtp.ionos.fr'),
(1058, 'smtp.user', 'contact@diacre.org'),
(1059, 'smtp.port', '465'),
(1060, 'smtp.verify_peer', '1'),
(1061, 'smtp.pass', 'Lollipop3378*');

-- --------------------------------------------------------

--
-- Structure de la table `sb_srvgroups`
--

CREATE TABLE `sb_srvgroups` (
  `id` int(10) UNSIGNED NOT NULL,
  `flags` varchar(30) NOT NULL,
  `immunity` int(10) UNSIGNED NOT NULL,
  `name` varchar(120) NOT NULL,
  `groups_immune` varchar(255) NOT NULL
) ENGINE=InnoDB DEFAULT CHARSET=utf8mb4 COLLATE=utf8mb4_general_ci;

--
-- Déchargement des données de la table `sb_srvgroups`
--

INSERT INTO `sb_srvgroups` (`id`, `flags`, `immunity`, `name`, `groups_immune`) VALUES
(1, 'opqrstz', 99, 'fondateur_game', ' '),
(2, 'z', 30, 'admin_root', ' '),
(3, 'abcdefghijkopqrst', 20, 'admin_game', ' '),
(4, 'abcfghijklopqrst', 10, 'admin_adjoint', ' ');

-- --------------------------------------------------------

--
-- Structure de la table `sb_srvgroups_overrides`
--

CREATE TABLE `sb_srvgroups_overrides` (
  `id` int(11) NOT NULL,
  `group_id` smallint(5) UNSIGNED NOT NULL,
  `type` enum('command','group') NOT NULL,
  `name` varchar(32) NOT NULL,
  `access` enum('allow','deny') NOT NULL
) ENGINE=InnoDB DEFAULT CHARSET=utf8mb4 COLLATE=utf8mb4_general_ci;

--
-- Déchargement des données de la table `sb_srvgroups_overrides`
--

INSERT INTO `sb_srvgroups_overrides` (`id`, `group_id`, `type`, `name`, `access`) VALUES
(1, 4, 'command', 'bans permanent ', 'deny'),
(2, 4, 'command', 'sm_ban', 'allow');

-- --------------------------------------------------------

--
-- Structure de la table `sb_submissions`
--

CREATE TABLE `sb_submissions` (
  `subid` int(6) NOT NULL,
  `submitted` int(11) NOT NULL,
  `ModID` int(6) NOT NULL,
  `SteamId` varchar(64) NOT NULL DEFAULT 'unnamed',
  `name` varchar(128) NOT NULL,
  `email` varchar(128) NOT NULL,
  `reason` text NOT NULL,
  `ip` varchar(64) NOT NULL,
  `subname` varchar(128) DEFAULT NULL,
  `sip` varchar(64) DEFAULT NULL,
  `archiv` tinyint(1) DEFAULT 0,
  `archivedby` int(11) DEFAULT NULL,
  `server` tinyint(3) DEFAULT NULL
) ENGINE=InnoDB DEFAULT CHARSET=utf8mb4 COLLATE=utf8mb4_general_ci;

--
-- Index pour la table `sb_banlog`
--
ALTER TABLE `sb_banlog`
  ADD PRIMARY KEY (`sid`,`time`,`bid`);

--
-- Index pour la table `sb_bans`
--
ALTER TABLE `sb_bans`
  ADD PRIMARY KEY (`bid`),
  ADD KEY `sid` (`sid`),
  ADD KEY `type_authid` (`type`,`authid`),
  ADD KEY `type_ip` (`type`,`ip`);
ALTER TABLE `sb_bans` ADD FULLTEXT KEY `reason` (`reason`);
ALTER TABLE `sb_bans` ADD FULLTEXT KEY `authid_2` (`authid`);

--
-- Index pour la table `sb_comments`
--
ALTER TABLE `sb_comments`
  ADD KEY `cid` (`cid`);
ALTER TABLE `sb_comments` ADD FULLTEXT KEY `commenttxt` (`commenttxt`);

--
-- Index pour la table `sb_comms`
--
ALTER TABLE `sb_comms`
  ADD PRIMARY KEY (`bid`),
  ADD KEY `sid` (`sid`),
  ADD KEY `type` (`type`),
  ADD KEY `RemoveType` (`RemoveType`),
  ADD KEY `authid` (`authid`),
  ADD KEY `created` (`created`),
  ADD KEY `aid` (`aid`);

--
-- Index pour la table `sb_demos`
--
ALTER TABLE `sb_demos`
  ADD PRIMARY KEY (`demid`,`demtype`);

--
-- Index pour la table `sb_groups`
--
ALTER TABLE `sb_groups`
  ADD PRIMARY KEY (`gid`);

--
-- Index pour la table `sb_log`
--
ALTER TABLE `sb_log`
  ADD PRIMARY KEY (`lid`);

--
-- Index pour la table `sb_mods`
--
ALTER TABLE `sb_mods`
  ADD PRIMARY KEY (`mid`),
  ADD UNIQUE KEY `modfolder` (`modfolder`),
  ADD UNIQUE KEY `name` (`name`),
  ADD KEY `steam_universe` (`steam_universe`);

--
-- Index pour la table `sb_overrides`
--
ALTER TABLE `sb_overrides`
  ADD PRIMARY KEY (`id`),
  ADD UNIQUE KEY `type` (`type`,`name`);

--
-- Index pour la table `sb_protests`
--
ALTER TABLE `sb_protests`
  ADD PRIMARY KEY (`pid`),
  ADD KEY `bid` (`bid`);

--
-- Index pour la table `sb_servers`
--
ALTER TABLE `sb_servers`
  ADD PRIMARY KEY (`sid`),
  ADD UNIQUE KEY `ip` (`ip`,`port`);

--
-- Index pour la table `sb_servers_groups`
--
ALTER TABLE `sb_servers_groups`
  ADD PRIMARY KEY (`server_id`,`group_id`);

--
-- Index pour la table `sb_settings`
--
ALTER TABLE `sb_settings`
  ADD PRIMARY KEY (`id`),
  ADD UNIQUE KEY `setting` (`setting`);

--
-- Index pour la table `sb_srvgroups`
--
ALTER TABLE `sb_srvgroups`
  ADD PRIMARY KEY (`id`);

--
-- Index pour la table `sb_srvgroups_overrides`
--
ALTER TABLE `sb_srvgroups_overrides`
  ADD PRIMARY KEY (`id`),
  ADD UNIQUE KEY `group_id` (`group_id`,`type`,`name`);

--
-- Index pour la table `sb_submissions`
--
ALTER TABLE `sb_submissions`
  ADD PRIMARY KEY (`subid`);

--
-- AUTO_INCREMENT pour la table `sb_bans`
--
ALTER TABLE `sb_bans`
  MODIFY `bid` int(6) NOT NULL AUTO_INCREMENT, AUTO_INCREMENT=551;

--
-- AUTO_INCREMENT pour la table `sb_comments`
--
ALTER TABLE `sb_comments`
  MODIFY `cid` int(6) NOT NULL AUTO_INCREMENT, AUTO_INCREMENT=5;

--
-- AUTO_INCREMENT pour la table `sb_comms`
--
ALTER TABLE `sb_comms`
  MODIFY `bid` int(6) NOT NULL AUTO_INCREMENT, AUTO_INCREMENT=27;

--
-- AUTO_INCREMENT pour la table `sb_groups`
--
ALTER TABLE `sb_groups`
  MODIFY `gid` int(6) NOT NULL AUTO_INCREMENT, AUTO_INCREMENT=6;

--
-- AUTO_INCREMENT pour la table `sb_log`
--
ALTER TABLE `sb_log`
  MODIFY `lid` int(11) NOT NULL AUTO_INCREMENT, AUTO_INCREMENT=405;

--
-- AUTO_INCREMENT pour la table `sb_mods`
--
ALTER TABLE `sb_mods`
  MODIFY `mid` int(11) NOT NULL AUTO_INCREMENT, AUTO_INCREMENT=23;

--
-- AUTO_INCREMENT pour la table `sb_overrides`
--
ALTER TABLE `sb_overrides`
  MODIFY `id` int(11) NOT NULL AUTO_INCREMENT;

--
-- AUTO_INCREMENT pour la table `sb_protests`
--
ALTER TABLE `sb_protests`
  MODIFY `pid` int(6) NOT NULL AUTO_INCREMENT, AUTO_INCREMENT=2;

--
-- AUTO_INCREMENT pour la table `sb_servers`
--
ALTER TABLE `sb_servers`
  MODIFY `sid` int(6) NOT NULL AUTO_INCREMENT, AUTO_INCREMENT=9;

--
-- AUTO_INCREMENT pour la table `sb_settings`
--
ALTER TABLE `sb_settings`
  MODIFY `id` int(10) UNSIGNED NOT NULL AUTO_INCREMENT, AUTO_INCREMENT=1063;

--
-- AUTO_INCREMENT pour la table `sb_srvgroups`
--
ALTER TABLE `sb_srvgroups`
  MODIFY `id` int(10) UNSIGNED NOT NULL AUTO_INCREMENT, AUTO_INCREMENT=5;

--
-- AUTO_INCREMENT pour la table `sb_srvgroups_overrides`
--
ALTER TABLE `sb_srvgroups_overrides`
  MODIFY `id` int(11) NOT NULL AUTO_INCREMENT, AUTO_INCREMENT=3;

--
-- AUTO_INCREMENT pour la table `sb_submissions`
--
ALTER TABLE `sb_submissions`
  MODIFY `subid` int(6) NOT NULL AUTO_INCREMENT;
COMMIT;

